{"id":13023,"date":"2015-09-10T11:03:13","date_gmt":"2015-09-10T10:03:13","guid":{"rendered":"http:\/\/www.zsvyhlidka.cz\/?page_id=13023"},"modified":"2019-10-04T10:51:57","modified_gmt":"2019-10-04T08:51:57","slug":"zakovsky-parlament","status":"publish","type":"page","link":"https:\/\/www.zsvyhlidka.cz\/?page_id=13023","title":{"rendered":"\u017d\u00e1kovsk\u00fd parlament"},"content":{"rendered":"<h5><strong>\u017d\u00e1kovsk\u00fd parlament<\/strong><\/h5>\n<p>&nbsp;<\/p>\n","protected":false},"excerpt":{"rendered":"<p>\u017d\u00e1kovsk\u00fd parlament &nbsp;<\/p>\n","protected":false},"author":4,"featured_media":0,"parent":0,"menu_order":248,"comment_status":"closed","ping_status":"closed","template":"","meta":[],"_links":{"self":[{"href":"https:\/\/www.zsvyhlidka.cz\/index.php?rest_route=\/wp\/v2\/pages\/13023"}],"collection":[{"href":"https:\/\/www.zsvyhlidka.cz\/index.php?rest_route=\/wp\/v2\/pages"}],"about":[{"href":"https:\/\/www.zsvyhlidka.cz\/index.php?rest_route=\/wp\/v2\/types\/page"}],"author":[{"embeddable":true,"href":"https:\/\/www.zsvyhlidka.cz\/index.php?rest_route=\/wp\/v2\/users\/4"}],"replies":[{"embeddable":true,"href":"https:\/\/www.zsvyhlidka.cz\/index.php?rest_route=%2Fwp%2Fv2%2Fcomments&post=13023"}],"version-history":[{"count":13,"href":"https:\/\/www.zsvyhlidka.cz\/index.php?rest_route=\/wp\/v2\/pages\/13023\/revisions"}],"predecessor-version":[{"id":21455,"href":"https:\/\/www.zsvyhlidka.cz\/index.php?rest_route=\/wp\/v2\/pages\/13023\/revisions\/21455"}],"wp:attachment":[{"href":"https:\/\/www.zsvyhlidka.cz\/index.php?rest_route=%2Fwp%2Fv2%2Fmedia&parent=13023"}],"curies":[{"name":"wp","href":"https:\/\/api.w.org\/{rel}","templated":true}]}}