{"id":13051,"date":"2015-09-11T21:20:09","date_gmt":"2015-09-11T20:20:09","guid":{"rendered":"http:\/\/www.zsvyhlidka.cz\/?page_id=13051"},"modified":"2024-11-25T11:14:32","modified_gmt":"2024-11-25T10:14:32","slug":"pokyn-reditelky-skoly-k-postupu-pri-uvolnovani-z-vyuky-telesne-vychovy","status":"publish","type":"page","link":"https:\/\/www.zsvyhlidka.cz\/?page_id=13051","title":{"rendered":"Postup p\u0159i uvol\u0148ov\u00e1n\u00ed z v\u00fduky TV"},"content":{"rendered":"<p>Z\u00e1kladn\u00ed \u0161kola Vala\u0161sk\u00e9 Mezi\u0159\u00ed\u010d\u00ed, Vyhl\u00eddka 380, okres Vset\u00edn, p\u0159\u00edsp\u011bvkov\u00e1 organizace<\/p>\n<p><strong>Pokyn \u0159editelky \u0161koly k\u00a0postupu p\u0159i uvol\u0148ov\u00e1n\u00ed z\u00a0v\u00fduky t\u011blesn\u00e9 v\u00fdchovy<\/strong><\/p>\n<p><strong>\u00a0<\/strong><\/p>\n<ol>\n<li>\u017d\u00e1k m\u016f\u017ee b\u00fdt na z\u00e1klad\u011b vyj\u00e1d\u0159en\u00ed l\u00e9ka\u0159e uvoln\u011bn z v\u00fduky t\u011blesn\u00e9 v\u00fdchovy \u010d\u00e1ste\u010dn\u011b nebo \u00fapln\u011b podle vyhl\u00e1\u0161ky \u010d. 391\/2013 Sb., o zdravotn\u00ed zp\u016fsobilosti k t\u011blesn\u00e9 v\u00fdchov\u011b a sportu.<\/li>\n<li>\u017d\u00e1k, uvoln\u011bn\u00fd z\u00a0v\u00fduky t\u011blesn\u00e9 v\u00fdchovy, si vyzvedne tiskopis \u017e\u00e1dosti pro uvoln\u011bn\u00ed z\u00a0v\u00fduky t\u011blesn\u00e9 v\u00fdchovy v kancel\u00e1\u0159i \u0161koly nebo si jej st\u00e1hne z\u00a0webu \u0161koly. \u017d\u00e1dost pod\u00e1v\u00e1 z\u00e1konn\u00fd z\u00e1stupce nezletil\u00e9ho \u017e\u00e1ka.<\/li>\n<li>U sv\u00e9ho l\u00e9ka\u0159e si \u017e\u00e1k po\u017e\u00e1d\u00e1 o vyd\u00e1n\u00ed <strong>l\u00e9ka\u0159sk\u00e9ho posudku<\/strong>, ve kter\u00e9m bude konkretizov\u00e1no obdob\u00ed, na kter\u00e9 je \u017e\u00e1k uvoln\u011bn a zda jde o <strong>\u00fapln\u00e9 uvoln\u011bn\u00ed<\/strong> z t\u011blesn\u00e9 v\u00fdchovy nebo jen <strong>\u010d\u00e1ste\u010dn\u00e9 uvoln\u011bn\u00ed<\/strong>. V p\u0159\u00edpad\u011b \u010d\u00e1ste\u010dn\u00e9ho uvoln\u011bn\u00ed mus\u00ed l\u00e9ka\u0159 stanovit p\u0159esn\u011b \u010dinnosti, ze kter\u00fdch je \u017e\u00e1k v hodin\u011b t\u011blesn\u00e9 v\u00fdchovy uvoln\u011bn.<\/li>\n<li>\u017d\u00e1k odevzd\u00e1 l\u00e9ka\u0159sk\u00fd posudek a \u017e\u00e1dost o uvoln\u011bn\u00ed v kancel\u00e1\u0159i \u0161koly nebo t\u0159\u00eddn\u00edmu u\u010diteli.<\/li>\n<li>\u0158editel vyhotov\u00ed rozhodnut\u00ed k\u00a0\u017e\u00e1dosti a informuje o n\u011bm z\u00e1konn\u00e9ho z\u00e1stupce.<\/li>\n<li>V p\u0159\u00edpad\u011b \u010d\u00e1ste\u010dn\u00e9ho uvoln\u011bn\u00ed z t\u011blesn\u00e9 v\u00fdchovy je u\u010ditel povinen p\u0159ihl\u00ed\u017eet k omezen\u00edm \u017e\u00e1ka a p\u0159istupovat k jeho v\u00fduce individu\u00e1ln\u011b.<\/li>\n<li>V p\u0159\u00edpad\u011b uvoln\u011bn\u00ed \u017e\u00e1k necvi\u010d\u00ed, ale je povinen b\u00fdt p\u0159\u00edtomen v hodin\u011b t\u011blesn\u00e9 v\u00fdchovy; dle mo\u017enost\u00ed pom\u00e1h\u00e1 u\u010diteli organiza\u010dn\u011b b\u011bhem v\u00fduky. V p\u0159\u00edpad\u011b prvn\u00ed nebo posledn\u00ed hodiny v\u00fduky m\u016f\u017ee b\u00fdt \u017e\u00e1k uvoln\u011bn bez n\u00e1hrady podle odst. 2 \u00a7 50 z\u00e1kona \u010d. 48\/2004 ve zn\u011bn\u00ed pozd\u011bj\u0161\u00edch p\u0159edpis\u016f..<\/li>\n<\/ol>\n<p>Tento pokyn nab\u00fdv\u00e1 \u00fa\u010dinnosti dne 1.9.2015<\/p>\n<p>Vala\u0161sk\u00e9 Mezi\u0159\u00ed\u010d\u00ed, 1.9.2024<\/p>\n<p><strong>Mgr. Daniela Miklov\u00e1<\/strong><\/p>\n","protected":false},"excerpt":{"rendered":"<p>Z\u00e1kladn\u00ed \u0161kola Vala\u0161sk\u00e9 Mezi\u0159\u00ed\u010d\u00ed, Vyhl\u00eddka 380, okres Vset\u00edn, p\u0159\u00edsp\u011bvkov\u00e1 organizace Pokyn \u0159editelky \u0161koly k\u00a0postupu p\u0159i uvol\u0148ov\u00e1n\u00ed z\u00a0v\u00fduky t\u011blesn\u00e9 v\u00fdchovy \u00a0 \u017d\u00e1k m\u016f\u017ee b\u00fdt na z\u00e1klad\u011b vyj\u00e1d\u0159en\u00ed l\u00e9ka\u0159e uvoln\u011bn z v\u00fduky t\u011blesn\u00e9 v\u00fdchovy \u010d\u00e1ste\u010dn\u011b nebo \u00fapln\u011b podle vyhl\u00e1\u0161ky \u010d. 391\/2013 Sb., <a href=\"https:\/\/www.zsvyhlidka.cz\/?page_id=13051\" class=\"read-more\">Zobrazit v\u00edce&#8230;<\/a><\/p>\n","protected":false},"author":4,"featured_media":0,"parent":0,"menu_order":275,"comment_status":"closed","ping_status":"closed","template":"","meta":[],"_links":{"self":[{"href":"https:\/\/www.zsvyhlidka.cz\/index.php?rest_route=\/wp\/v2\/pages\/13051"}],"collection":[{"href":"https:\/\/www.zsvyhlidka.cz\/index.php?rest_route=\/wp\/v2\/pages"}],"about":[{"href":"https:\/\/www.zsvyhlidka.cz\/index.php?rest_route=\/wp\/v2\/types\/page"}],"author":[{"embeddable":true,"href":"https:\/\/www.zsvyhlidka.cz\/index.php?rest_route=\/wp\/v2\/users\/4"}],"replies":[{"embeddable":true,"href":"https:\/\/www.zsvyhlidka.cz\/index.php?rest_route=%2Fwp%2Fv2%2Fcomments&post=13051"}],"version-history":[{"count":6,"href":"https:\/\/www.zsvyhlidka.cz\/index.php?rest_route=\/wp\/v2\/pages\/13051\/revisions"}],"predecessor-version":[{"id":33746,"href":"https:\/\/www.zsvyhlidka.cz\/index.php?rest_route=\/wp\/v2\/pages\/13051\/revisions\/33746"}],"wp:attachment":[{"href":"https:\/\/www.zsvyhlidka.cz\/index.php?rest_route=%2Fwp%2Fv2%2Fmedia&parent=13051"}],"curies":[{"name":"wp","href":"https:\/\/api.w.org\/{rel}","templated":true}]}}

Postup při uvolňování z výuky TV

<p>Základní škola Valašské Meziříčí, Vyhlídka 380, okres Vsetín, příspěvková organizace</p>
<p><strong>Pokyn ředitelky školy k postupu při uvolňování z výuky tělesné výchovy</strong></p>
<p><strong> </strong></p>
<ol>
<li>Žák může být na základě vyjádření lékaře uvolněn z výuky tělesné výchovy částečně nebo úplně podle vyhlášky č. 391/2013 Sb., o zdravotní způsobilosti k tělesné výchově a sportu.</li>
<li>Žák, uvolněný z výuky tělesné výchovy, si vyzvedne tiskopis žádosti pro uvolnění z výuky tělesné výchovy v kanceláři školy nebo si jej stáhne z webu školy. Žádost podává zákonný zástupce nezletilého žáka.</li>
<li>U svého lékaře si žák požádá o vydání <strong>lékařského posudku</strong>, ve kterém bude konkretizováno období, na které je žák uvolněn a zda jde o <strong>úplné uvolnění</strong> z tělesné výchovy nebo jen <strong>částečné uvolnění</strong>. V případě částečného uvolnění musí lékař stanovit přesně činnosti, ze kterých je žák v hodině tělesné výchovy uvolněn.</li>
<li>Žák odevzdá lékařský posudek a žádost o uvolnění v kanceláři školy nebo třídnímu učiteli.</li>
<li>Ředitel vyhotoví rozhodnutí k žádosti a informuje o něm zákonného zástupce.</li>
<li>V případě částečného uvolnění z tělesné výchovy je učitel povinen přihlížet k omezením žáka a přistupovat k jeho výuce individuálně.</li>
<li>V případě uvolnění žák necvičí, ale je povinen být přítomen v hodině tělesné výchovy; dle možností pomáhá učiteli organizačně během výuky. V případě první nebo poslední hodiny výuky může být žák uvolněn bez náhrady podle odst. 2 § 50 zákona č. 48/2004 ve znění pozdějších předpisů..</li>
</ol>
<p>Tento pokyn nabývá účinnosti dne 1.9.2015</p>
<p>Valašské Meziříčí, 1.9.2024</p>
<p><strong>Mgr. Daniela Miklová</strong></p>

<p>Základní škola Valašské Meziříčí, Vyhlídka 380, okres Vsetín, příspěvková organizace Pokyn ředitelky školy k postupu při uvolňování z výuky tělesné výchovy   Žák může být na základě vyjádření lékaře uvolněn z výuky tělesné výchovy částečně nebo úplně podle vyhlášky č. 391/2013 Sb., <a href="https://www.zsvyhlidka.cz/?page_id=13051" class="read-more">Zobrazit více&#8230;</a></p>
