{"id":16625,"date":"2016-11-25T10:31:03","date_gmt":"2016-11-25T09:31:03","guid":{"rendered":"http:\/\/www.zsvyhlidka.cz\/?page_id=16625"},"modified":"2016-11-25T10:46:41","modified_gmt":"2016-11-25T09:46:41","slug":"domaci-testovani","status":"publish","type":"page","link":"https:\/\/www.zsvyhlidka.cz\/?page_id=16625","title":{"rendered":"Dom\u00e1c\u00ed testov\u00e1n\u00ed"},"content":{"rendered":"<p>V\u00e1\u017een\u00ed rodi\u010de,<\/p>\n<p>&nbsp;<\/p>\n<p>p\u0159i kontrole vzd\u011bl\u00e1v\u00e1n\u00ed va\u0161eho d\u00edt\u011bte m\u016f\u017eete vyu\u017e\u00edt elektronick\u00e9 ov\u011b\u0159ov\u00e1n\u00ed v\u00fdsledk\u016f. Tento modul je variac\u00ed univerz\u00e1ln\u00ed elektronick\u00e9 testovac\u00ed platformy vyvinut\u00e9 \u010ceskou \u0161koln\u00ed inspekc\u00ed, jej\u00edm\u017e prost\u0159ednictv\u00edm je mo\u017en\u00e9 prov\u00e1d\u011bt elektronick\u00e9 testov\u00e1n\u00ed v r\u00e1mci dom\u00e1c\u00ed p\u0159\u00edpravy \u017e\u00e1k\u016f (nebo obecn\u011b libovoln\u00fdch u\u017eivatel\u016f) zcela podle vlastn\u00edho uv\u00e1\u017een\u00ed, zcela podle aktu\u00e1ln\u00edch po\u017eadavk\u016f na procvi\u010den\u00ed konkr\u00e9tn\u00edch t\u00e9mat formou testu. V\u00fdsledky, kter\u00e9 dom\u00e1c\u00edm testov\u00e1n\u00edm z\u00edsk\u00e1te, budou k dispozici pouze V\u00e1m. P\u0159\u00edstup k v\u00fdsledk\u016fm tak nebude umo\u017en\u011bn ani st\u00e1tu, ani \u0161kole, ale pouze tomu, kdo test realizuje, v p\u0159\u00edpad\u011b \u017e\u00e1ka pak tak\u00e9 jeho rodi\u010d\u016fm, kte\u0159\u00ed se rovn\u011b\u017e mohou st\u00e1t u\u017eivateli syst\u00e9mu s vlastn\u00edmi p\u0159\u00edstupov\u00fdmi \u00fadaji.<\/p>\n<p>U\u017eivatelsk\u00e1 p\u0159\u00edru\u010dka dom\u00e1c\u00edho testov\u00e1n\u00ed \u00a0ke sta\u017een\u00ed <strong><a href=\"http:\/\/www.zsvyhlidka.cz\/wp-content\/uploads\/2016\/11\/CSI_iSET_Domaci_testovani-prirucka_V4.1.pdf\">zde<\/a>.<\/strong><\/p>\n<p>Inspek\u010dn\u00ed syst\u00e9m naleznete na str\u00e1nk\u00e1ch: <a href=\"https:\/\/portal.niqes.cz\">https:\/\/portal.niqes.cz<\/a><\/p>\n<p><strong>\u00a0<\/strong><\/p>\n<p><strong>\u00a0<\/strong><\/p>\n<p>Mgr. Daniela Miklov\u00e1<\/p>\n","protected":false},"excerpt":{"rendered":"<p>V\u00e1\u017een\u00ed rodi\u010de, &nbsp; p\u0159i kontrole vzd\u011bl\u00e1v\u00e1n\u00ed va\u0161eho d\u00edt\u011bte m\u016f\u017eete vyu\u017e\u00edt elektronick\u00e9 ov\u011b\u0159ov\u00e1n\u00ed v\u00fdsledk\u016f. Tento modul je variac\u00ed univerz\u00e1ln\u00ed elektronick\u00e9 testovac\u00ed platformy vyvinut\u00e9 \u010ceskou \u0161koln\u00ed inspekc\u00ed, jej\u00edm\u017e prost\u0159ednictv\u00edm je mo\u017en\u00e9 prov\u00e1d\u011bt elektronick\u00e9 testov\u00e1n\u00ed v r\u00e1mci dom\u00e1c\u00ed p\u0159\u00edpravy \u017e\u00e1k\u016f (nebo obecn\u011b libovoln\u00fdch <a href=\"https:\/\/www.zsvyhlidka.cz\/?page_id=16625\" class=\"read-more\">Zobrazit v\u00edce&#8230;<\/a><\/p>\n","protected":false},"author":2,"featured_media":0,"parent":0,"menu_order":0,"comment_status":"closed","ping_status":"closed","template":"page-fullwidth.php","meta":[],"_links":{"self":[{"href":"https:\/\/www.zsvyhlidka.cz\/index.php?rest_route=\/wp\/v2\/pages\/16625"}],"collection":[{"href":"https:\/\/www.zsvyhlidka.cz\/index.php?rest_route=\/wp\/v2\/pages"}],"about":[{"href":"https:\/\/www.zsvyhlidka.cz\/index.php?rest_route=\/wp\/v2\/types\/page"}],"author":[{"embeddable":true,"href":"https:\/\/www.zsvyhlidka.cz\/index.php?rest_route=\/wp\/v2\/users\/2"}],"replies":[{"embeddable":true,"href":"https:\/\/www.zsvyhlidka.cz\/index.php?rest_route=%2Fwp%2Fv2%2Fcomments&post=16625"}],"version-history":[{"count":2,"href":"https:\/\/www.zsvyhlidka.cz\/index.php?rest_route=\/wp\/v2\/pages\/16625\/revisions"}],"predecessor-version":[{"id":16630,"href":"https:\/\/www.zsvyhlidka.cz\/index.php?rest_route=\/wp\/v2\/pages\/16625\/revisions\/16630"}],"wp:attachment":[{"href":"https:\/\/www.zsvyhlidka.cz\/index.php?rest_route=%2Fwp%2Fv2%2Fmedia&parent=16625"}],"curies":[{"name":"wp","href":"https:\/\/api.w.org\/{rel}","templated":true}]}}