{"id":17487,"date":"2017-05-02T09:29:08","date_gmt":"2017-05-02T07:29:08","guid":{"rendered":"http:\/\/www.zsvyhlidka.cz\/?page_id=17487"},"modified":"2025-08-28T14:54:09","modified_gmt":"2025-08-28T12:54:09","slug":"pedagogicky-sbor-3","status":"publish","type":"page","link":"https:\/\/www.zsvyhlidka.cz\/?page_id=17487","title":{"rendered":"Pedagogick\u00fd sbor"},"content":{"rendered":"<p><a href=\"http:\/\/www.zsvyhlidka.cz\/wp-content\/uploads\/2025\/08\/pedagogicky_sbor_2526.pdf\"><span style=\"text-decoration: underline;\">Seznam pedagogick\u00fdch pracovn\u00edk\u016f ve \u0161koln\u00edm roce 2025\/2026<\/span><\/a><\/p>\n<p><a href=\"http:\/\/www.zsvyhlidka.cz\/wp-content\/uploads\/2025\/08\/konzultace_2526.pdf\"><u>Konzulta\u010dn\u00ed doba jednotliv\u00fdch pedagogick\u00fdch pracovn\u00edk\u016f<\/u><\/a><\/p>\n<p><span style=\"color: #ffffff;\">.<\/span><\/p>\n\n\n<p><\/p>\n","protected":false},"excerpt":{"rendered":"<p>Seznam pedagogick\u00fdch pracovn\u00edk\u016f ve \u0161koln\u00edm roce 2025\/2026 Konzulta\u010dn\u00ed doba jednotliv\u00fdch pedagogick\u00fdch pracovn\u00edk\u016f .<\/p>\n","protected":false},"author":4,"featured_media":0,"parent":0,"menu_order":0,"comment_status":"closed","ping_status":"closed","template":"","meta":[],"_links":{"self":[{"href":"https:\/\/www.zsvyhlidka.cz\/index.php?rest_route=\/wp\/v2\/pages\/17487"}],"collection":[{"href":"https:\/\/www.zsvyhlidka.cz\/index.php?rest_route=\/wp\/v2\/pages"}],"about":[{"href":"https:\/\/www.zsvyhlidka.cz\/index.php?rest_route=\/wp\/v2\/types\/page"}],"author":[{"embeddable":true,"href":"https:\/\/www.zsvyhlidka.cz\/index.php?rest_route=\/wp\/v2\/users\/4"}],"replies":[{"embeddable":true,"href":"https:\/\/www.zsvyhlidka.cz\/index.php?rest_route=%2Fwp%2Fv2%2Fcomments&post=17487"}],"version-history":[{"count":73,"href":"https:\/\/www.zsvyhlidka.cz\/index.php?rest_route=\/wp\/v2\/pages\/17487\/revisions"}],"predecessor-version":[{"id":35284,"href":"https:\/\/www.zsvyhlidka.cz\/index.php?rest_route=\/wp\/v2\/pages\/17487\/revisions\/35284"}],"wp:attachment":[{"href":"https:\/\/www.zsvyhlidka.cz\/index.php?rest_route=%2Fwp%2Fv2%2Fmedia&parent=17487"}],"curies":[{"name":"wp","href":"https:\/\/api.w.org\/{rel}","templated":true}]}}