{"id":20479,"date":"2019-01-18T10:13:37","date_gmt":"2019-01-18T09:13:37","guid":{"rendered":"http:\/\/www.zsvyhlidka.cz\/?page_id=20479"},"modified":"2019-01-18T10:16:13","modified_gmt":"2019-01-18T09:16:13","slug":"projekt-rozvojovy-program-podpora-vzdelavani-cizincu-ve-skolach","status":"publish","type":"page","link":"https:\/\/www.zsvyhlidka.cz\/?page_id=20479","title":{"rendered":"Projekt \u2013 Rozvojov\u00fd program \u201e Podpora vzd\u011bl\u00e1v\u00e1n\u00ed cizinc\u016f ve \u0161kol\u00e1ch\u201c"},"content":{"rendered":"<h5><strong>Projekt \u2013 Rozvojov\u00fd program \u201e Podpora vzd\u011bl\u00e1v\u00e1n\u00ed cizinc\u016f ve \u0161kol\u00e1ch\u201c<\/strong><\/h5>\n<p><strong>Projekt<\/strong> \u2013 Rozvojov\u00fd program \u201e Podpora vzd\u011bl\u00e1v\u00e1n\u00ed cizinc\u016f ve \u0161kol\u00e1ch\u201c za rok 2018 (M\u0160MT \u2013 24277\/2017)<\/p>\n<p><strong>N\u00e1zev modulu<\/strong>: Zaji\u0161t\u011bn\u00ed bezplatn\u00e9 p\u0159\u00edpravy k\u00a0za\u010dlen\u011bn\u00ed do vzd\u011bl\u00e1v\u00e1n\u00ed \u017e\u00e1k\u016f se st\u00e1tn\u00ed p\u0159\u00edslu\u0161nost\u00ed jin\u00e9ho \u010dlensk\u00e9ho st\u00e1tu<\/p>\n<p><strong>Doba trv\u00e1n\u00ed<\/strong>: leden 2018 \u2013 prosinec 2018<\/p>\n<p><strong>Vyhodnocen\u00ed projektu <a href=\"http:\/\/www.zsvyhlidka.cz\/wp-content\/uploads\/2019\/01\/C18-z\u00e1v\u011bre\u010dn\u00e1-zpr\u00e1va-\u0161koly.pdf\">ZDE.<\/a><\/strong><\/p>\n","protected":false},"excerpt":{"rendered":"<p>Projekt \u2013 Rozvojov\u00fd program \u201e Podpora vzd\u011bl\u00e1v\u00e1n\u00ed cizinc\u016f ve \u0161kol\u00e1ch\u201c Projekt \u2013 Rozvojov\u00fd program \u201e Podpora vzd\u011bl\u00e1v\u00e1n\u00ed cizinc\u016f ve \u0161kol\u00e1ch\u201c za rok 2018 (M\u0160MT \u2013 24277\/2017) N\u00e1zev modulu: Zaji\u0161t\u011bn\u00ed bezplatn\u00e9 p\u0159\u00edpravy k\u00a0za\u010dlen\u011bn\u00ed do vzd\u011bl\u00e1v\u00e1n\u00ed \u017e\u00e1k\u016f se st\u00e1tn\u00ed p\u0159\u00edslu\u0161nost\u00ed jin\u00e9ho \u010dlensk\u00e9ho <a href=\"https:\/\/www.zsvyhlidka.cz\/?page_id=20479\" class=\"read-more\">Zobrazit v\u00edce&#8230;<\/a><\/p>\n","protected":false},"author":2,"featured_media":0,"parent":0,"menu_order":0,"comment_status":"closed","ping_status":"closed","template":"page-fullwidth.php","meta":[],"_links":{"self":[{"href":"https:\/\/www.zsvyhlidka.cz\/index.php?rest_route=\/wp\/v2\/pages\/20479"}],"collection":[{"href":"https:\/\/www.zsvyhlidka.cz\/index.php?rest_route=\/wp\/v2\/pages"}],"about":[{"href":"https:\/\/www.zsvyhlidka.cz\/index.php?rest_route=\/wp\/v2\/types\/page"}],"author":[{"embeddable":true,"href":"https:\/\/www.zsvyhlidka.cz\/index.php?rest_route=\/wp\/v2\/users\/2"}],"replies":[{"embeddable":true,"href":"https:\/\/www.zsvyhlidka.cz\/index.php?rest_route=%2Fwp%2Fv2%2Fcomments&post=20479"}],"version-history":[{"count":3,"href":"https:\/\/www.zsvyhlidka.cz\/index.php?rest_route=\/wp\/v2\/pages\/20479\/revisions"}],"predecessor-version":[{"id":20485,"href":"https:\/\/www.zsvyhlidka.cz\/index.php?rest_route=\/wp\/v2\/pages\/20479\/revisions\/20485"}],"wp:attachment":[{"href":"https:\/\/www.zsvyhlidka.cz\/index.php?rest_route=%2Fwp%2Fv2%2Fmedia&parent=20479"}],"curies":[{"name":"wp","href":"https:\/\/api.w.org\/{rel}","templated":true}]}}