{"id":207,"date":"2016-09-13T15:33:25","date_gmt":"2016-09-13T13:33:25","guid":{"rendered":"http:\/\/www.zsvyhlidka.cz\/?page_id=207"},"modified":"2024-12-09T07:02:20","modified_gmt":"2024-12-09T06:02:20","slug":"rada-rodicu","status":"publish","type":"page","link":"https:\/\/www.zsvyhlidka.cz\/?page_id=207","title":{"rendered":"Rada rodi\u010d\u016f"},"content":{"rendered":"<ul>\n<li><a href=\"http:\/\/www.zsvyhlidka.cz\/wp-content\/uploads\/2024\/12\/Rada-rodicu-listopad_2024.pdf\">Sch\u016fzka 26. 11. 2024<\/a><\/li>\n<li><a href=\"http:\/\/www.zsvyhlidka.cz\/wp-content\/uploads\/2024\/04\/Rada-rodicu-duben_2024.pdf\">Sch\u016fzka 16. 4. 2024<\/a><\/li>\n<li><a href=\"http:\/\/www.zsvyhlidka.cz\/wp-content\/uploads\/2023\/11\/Rada-rodicu-22.-11.-2023.pdf\">Sch\u016fzka 22. 11. 2023<\/a><\/li>\n<\/ul>\n<p><span style=\"color: #ccffff;\">.<\/span><\/p>\n","protected":false},"excerpt":{"rendered":"<p>Sch\u016fzka 26. 11. 2024 Sch\u016fzka 16. 4. 2024 Sch\u016fzka 22. 11. 2023 .<\/p>\n","protected":false},"author":1,"featured_media":0,"parent":0,"menu_order":63,"comment_status":"closed","ping_status":"closed","template":"","meta":[],"_links":{"self":[{"href":"https:\/\/www.zsvyhlidka.cz\/index.php?rest_route=\/wp\/v2\/pages\/207"}],"collection":[{"href":"https:\/\/www.zsvyhlidka.cz\/index.php?rest_route=\/wp\/v2\/pages"}],"about":[{"href":"https:\/\/www.zsvyhlidka.cz\/index.php?rest_route=\/wp\/v2\/types\/page"}],"author":[{"embeddable":true,"href":"https:\/\/www.zsvyhlidka.cz\/index.php?rest_route=\/wp\/v2\/users\/1"}],"replies":[{"embeddable":true,"href":"https:\/\/www.zsvyhlidka.cz\/index.php?rest_route=%2Fwp%2Fv2%2Fcomments&post=207"}],"version-history":[{"count":20,"href":"https:\/\/www.zsvyhlidka.cz\/index.php?rest_route=\/wp\/v2\/pages\/207\/revisions"}],"predecessor-version":[{"id":33856,"href":"https:\/\/www.zsvyhlidka.cz\/index.php?rest_route=\/wp\/v2\/pages\/207\/revisions\/33856"}],"wp:attachment":[{"href":"https:\/\/www.zsvyhlidka.cz\/index.php?rest_route=%2Fwp%2Fv2%2Fmedia&parent=207"}],"curies":[{"name":"wp","href":"https:\/\/api.w.org\/{rel}","templated":true}]}}