{"id":21666,"date":"2019-11-05T16:47:03","date_gmt":"2019-11-05T15:47:03","guid":{"rendered":"http:\/\/www.zsvyhlidka.cz\/?page_id=21666"},"modified":"2025-12-10T15:56:57","modified_gmt":"2025-12-10T14:56:57","slug":"skolni-videa-2","status":"publish","type":"page","link":"https:\/\/www.zsvyhlidka.cz\/?page_id=21666","title":{"rendered":"VIDEA A PODCASTY"},"content":{"rendered":"<h2><span style=\"color: #000080;\"><strong>\u0160koln\u00ed videa<\/strong><\/span><\/h2>\n<p>\u0160koln\u00ed videa m\u016f\u017eete sledovat na YouTube kan\u00e1lu <a href=\"https:\/\/www.youtube.com\/channel\/UCo4Ck8bOIX11rt47CyaC7MA\">Z\u0160 Vyhl\u00eddka.<\/a><\/p>\n<h2><span style=\"color: #000080;\"><strong>Podcasty &#8211; rozhovory s u\u010diteli<\/strong><\/span><\/h2>\n<ul>\n<li><a href=\"http:\/\/www.zsvyhlidka.cz\/wp-content\/uploads\/2025\/11\/Podcast-Iva-Stromsikova.mp4\">rozhovor s Ivou Strom\u0161\u00edkovou<\/a><\/li>\n<li><a href=\"http:\/\/www.zsvyhlidka.cz\/wp-content\/uploads\/2025\/11\/Vojta-Baca.mp4\">rozhovor s Vojtou Ba\u010dou<\/a><\/li>\n<li><a href=\"http:\/\/www.zsvyhlidka.cz\/wp-content\/uploads\/2023\/05\/Podcast-Vyhlidka-Skulavik.mp3\">rozhovor s Jakubem \u0160kulav\u00edkem<\/a><\/li>\n<li><a href=\"http:\/\/www.zsvyhlidka.cz\/wp-content\/uploads\/2023\/06\/Podcast-rozhovor-s-Lucii-Chvatikovou-1.m4a\">rozhovor s Luci\u00ed Chvat\u00edkovou<\/a><\/li>\n<\/ul>\n<h2><strong><span style=\"color: #000080;\">Videa &#8211; odkazy na report\u00e1\u017ee o na\u0161\u00ed \u0161kole<\/span><\/strong><\/h2>\n<ul>\n<li><a href=\"https:\/\/youtu.be\/EVwR7Z4Hfrc\">report\u00e1\u017e &#8222;Z\u0160 Vyhl\u00eddka, 50. v\u00fdro\u010d\u00ed zalo\u017een\u00ed \u0161koly&#8220;<\/a><\/li>\n<li><a href=\"https:\/\/youtu.be\/6EzJphr8MpY\">report\u00e1\u017e &#8222;Z\u00e1kladn\u00ed \u0161kola Vyhl\u00eddka slavila 50. v\u00fdro\u010d\u00ed zalo\u017een\u00ed&#8220;<\/a><\/li>\n<li><a href=\"https:\/\/www.youtube.com\/watch?v=XRJ1VpJ_tiw\">report\u00e1\u017e &#8222;Z\u0160 Vyhl\u00eddka uspo\u0159\u00e1dala V\u00e1no\u010dn\u00ed jarmark&#8220;<\/a><\/li>\n<li><a href=\"https:\/\/www.youtube.com\/watch?v=JM0vXk1zsRs&amp;t=6s\">report\u00e1\u017e &#8222;Z\u0160 Vyhl\u00eddka uspo\u0159\u00e1dala \u0160koln\u00ed akademii&#8220;<\/a><\/li>\n<li><a href=\"https:\/\/itvs24.cz\/otrokovice\/krajske-kolo-dopravni-souteze-mladych-cyklistu-hostily-otrokovice?page=1\">report\u00e1\u017e &#8222;Krajsk\u00e9 kolo dopravn\u00ed sout\u011b\u017ee mlad\u00fdch cyklist\u016f&#8220;<\/a><\/li>\n<li><a href=\"https:\/\/www.youtube.com\/watch?v=Z5g1Z31IVI4\">report\u00e1\u017e &#8222;D\u011btsk\u00e9 sly\u0161en\u00ed 2023&#8220;<\/a><\/li>\n<li><a href=\"https:\/\/www.youtube.com\/watch?v=ExZdpCBavAA\">report\u00e1\u017e &#8222;Projektov\u00fd den na Z\u0160 Vyhl\u00eddka&#8220;<\/a><\/li>\n<li><a href=\"https:\/\/www.youtube.com\/watch?v=okCLw1J3d5A\">report\u00e1\u017e &#8222;Z\u00e1pisy do 1. t\u0159\u00edd&#8220;<\/a><\/li>\n<li><a href=\"https:\/\/www.youtube.com\/watch?v=-iT2jDKWl54\">report\u00e1\u017e &#8222;SP\u0160S realizuje projekt sd\u00edlen\u00fdch d\u00edlem s m\u00edstn\u00edmi Z\u0160<strong>&#8222;<\/strong><\/a><\/li>\n<li><a href=\"https:\/\/www.youtube.com\/watch?v=u-Sg-aWSJoI\">report\u00e1\u017e &#8222;Z\u0160 Vyhl\u00eddka uspo\u0159\u00e1dala V\u00e1no\u010dn\u00ed jarmark&#8220;<\/a><\/li>\n<li><a href=\"https:\/\/www.regionalnitelevize.cz\/video\/valasske-mezirici--na-zs-vyhlidka-se-zaci-promenili-v-mlade-vedce\/51736\">report\u00e1\u017e &#8222;Na Z\u0160 Vyhl\u00eddka se \u017e\u00e1ci prom\u011bnili v mlad\u00e9 v\u011bdce&#8220; &#8211; Region\u00e1ln\u00ed televize &#8211; \u010derven 2022<\/a><\/li>\n<li><a href=\"https:\/\/www.youtube.com\/watch?v=hAi9QYsbjSQ\">report\u00e1\u017e &#8222;Prob\u011bhly z\u00e1pisy do 1. t\u0159\u00edd&#8220; &#8211; Region\u00e1ln\u00ed televize &#8211; kv\u011bten 2022<\/a><\/li>\n<li><a href=\"https:\/\/www.youtube.com\/watch?v=YBWKz8P2xQE\">report\u00e1\u017e &#8222;Na Z\u0160 Vyhl\u00eddka uspo\u0159\u00e1dali projektov\u00fd den &#8211; Den zdrav\u00ed&#8220; &#8211; Region\u00e1ln\u00ed televize &#8211; kv\u011bten 2022<\/a><\/li>\n<li><a href=\"https:\/\/www.youtube.com\/watch?v=7hBWnOIYw6Y\">report\u00e1\u017e &#8222;Z\u00e1kladn\u00ed \u0161koly nav\u0161t\u011bvuje t\u00e9m\u011b\u0159 stovka ukrajinsk\u00fdch d\u011bt\u00ed&#8220; &#8211; Region\u00e1ln\u00ed televize &#8211; duben 2022<\/a><\/li>\n<li><a href=\"https:\/\/www.youtube.com\/watch?v=L_HSMo8_7bE\">report\u00e1\u017e &#8222;Mlad\u00ed chemici se utkali v krajsk\u00e9m kole&#8220; &#8211; Region\u00e1ln\u00ed televize &#8211; b\u0159ezen 2022<\/a><\/li>\n<li><a href=\"https:\/\/www.youtube.com\/watch?v=1RL7X-SE-tI&amp;t=78s\">report\u00e1\u017e &#8222;Z\u0160 Vyhl\u00eddka nab\u00edz\u00ed hl\u00edd\u00e1n\u00ed d\u011bt\u00ed&#8220; &#8211; Region\u00e1ln\u00ed televize<\/a><\/li>\n<li><a href=\"https:\/\/www.youtube.com\/watch?v=ycS5o51W1zY\">report\u00e1\u017e z akce &#8222;Pono\u017ekov\u00fd pes 2019&#8220; &#8211; Region\u00e1ln\u00ed televize<\/a><\/li>\n<li><a href=\"https:\/\/www.youtube.com\/watch?v=qLcztQxPark\">report\u00e1\u017e z n\u00e1v\u0161t\u011bvy dru\u017eebn\u00ed \u0161koly ze srbsk\u00e9ho \u010ca\u010dku 2019 &#8211; Region\u00e1ln\u00ed televize<\/a><\/li>\n<li><a href=\"https:\/\/www.youtube.com\/watch?v=dAlAgIxYxcs\">report\u00e1\u017e z plaveck\u00e9 sout\u011b\u017ee vala\u0161skomezi\u0159\u00ed\u010dsk\u00fdch \u0161kol &#8211; rok 2016 &#8211; M\u011bsto Vala\u0161sk\u00e9 Mezi\u0159\u00ed\u010d\u00ed<\/a><\/li>\n<li><a href=\"https:\/\/www.youtube.com\/watch?v=tcCg6djiMb0\">report\u00e1\u017e z \u010dinnosti Krou\u017eku technick\u00fdch dovednost\u00ed &#8211; rok 2015<\/a><\/li>\n<\/ul>\n<p><span style=\"color: #ffffff;\">.<\/span><\/p>\n","protected":false},"excerpt":{"rendered":"<p>\u0160koln\u00ed videa \u0160koln\u00ed videa m\u016f\u017eete sledovat na YouTube kan\u00e1lu Z\u0160 Vyhl\u00eddka. Podcasty &#8211; rozhovory s u\u010diteli rozhovor s Ivou Strom\u0161\u00edkovou rozhovor s Vojtou Ba\u010dou rozhovor s Jakubem \u0160kulav\u00edkem rozhovor s Luci\u00ed Chvat\u00edkovou Videa &#8211; odkazy na report\u00e1\u017ee o na\u0161\u00ed \u0161kole <a href=\"https:\/\/www.zsvyhlidka.cz\/?page_id=21666\" class=\"read-more\">Zobrazit v\u00edce&#8230;<\/a><\/p>\n","protected":false},"author":4,"featured_media":0,"parent":0,"menu_order":0,"comment_status":"closed","ping_status":"closed","template":"","meta":[],"_links":{"self":[{"href":"https:\/\/www.zsvyhlidka.cz\/index.php?rest_route=\/wp\/v2\/pages\/21666"}],"collection":[{"href":"https:\/\/www.zsvyhlidka.cz\/index.php?rest_route=\/wp\/v2\/pages"}],"about":[{"href":"https:\/\/www.zsvyhlidka.cz\/index.php?rest_route=\/wp\/v2\/types\/page"}],"author":[{"embeddable":true,"href":"https:\/\/www.zsvyhlidka.cz\/index.php?rest_route=\/wp\/v2\/users\/4"}],"replies":[{"embeddable":true,"href":"https:\/\/www.zsvyhlidka.cz\/index.php?rest_route=%2Fwp%2Fv2%2Fcomments&post=21666"}],"version-history":[{"count":34,"href":"https:\/\/www.zsvyhlidka.cz\/index.php?rest_route=\/wp\/v2\/pages\/21666\/revisions"}],"predecessor-version":[{"id":35996,"href":"https:\/\/www.zsvyhlidka.cz\/index.php?rest_route=\/wp\/v2\/pages\/21666\/revisions\/35996"}],"wp:attachment":[{"href":"https:\/\/www.zsvyhlidka.cz\/index.php?rest_route=%2Fwp%2Fv2%2Fmedia&parent=21666"}],"curies":[{"name":"wp","href":"https:\/\/api.w.org\/{rel}","templated":true}]}}

<h2><span style="color: #000080;"><strong>Školní videa</strong></span></h2>
<p>Školní videa můžete sledovat na YouTube kanálu <a href="https://www.youtube.com/channel/UCo4Ck8bOIX11rt47CyaC7MA">ZŠ Vyhlídka.</a></p>
<h2><span style="color: #000080;"><strong>Podcasty &#8211; rozhovory s učiteli</strong></span></h2>
<ul>
<li><a href="http://www.zsvyhlidka.cz/wp-content/uploads/2025/11/Podcast-Iva-Stromsikova.mp4">rozhovor s Ivou Stromšíkovou</a></li>
<li><a href="http://www.zsvyhlidka.cz/wp-content/uploads/2025/11/Vojta-Baca.mp4">rozhovor s Vojtou Bačou</a></li>
<li><a href="http://www.zsvyhlidka.cz/wp-content/uploads/2023/05/Podcast-Vyhlidka-Skulavik.mp3">rozhovor s Jakubem Škulavíkem</a></li>
<li><a href="http://www.zsvyhlidka.cz/wp-content/uploads/2023/06/Podcast-rozhovor-s-Lucii-Chvatikovou-1.m4a">rozhovor s Lucií Chvatíkovou</a></li>
</ul>
<h2><strong><span style="color: #000080;">Videa &#8211; odkazy na reportáže o naší škole</span></strong></h2>
<ul>
<li><a href="https://youtu.be/EVwR7Z4Hfrc">reportáž &#8222;ZŠ Vyhlídka, 50. výročí založení školy&#8220;</a></li>
<li><a href="https://youtu.be/6EzJphr8MpY">reportáž &#8222;Základní škola Vyhlídka slavila 50. výročí založení&#8220;</a></li>
<li><a href="https://www.youtube.com/watch?v=XRJ1VpJ_tiw">reportáž &#8222;ZŠ Vyhlídka uspořádala Vánoční jarmark&#8220;</a></li>
<li><a href="https://www.youtube.com/watch?v=JM0vXk1zsRs&amp;t=6s">reportáž &#8222;ZŠ Vyhlídka uspořádala Školní akademii&#8220;</a></li>
<li><a href="https://itvs24.cz/otrokovice/krajske-kolo-dopravni-souteze-mladych-cyklistu-hostily-otrokovice?page=1">reportáž &#8222;Krajské kolo dopravní soutěže mladých cyklistů&#8220;</a></li>
<li><a href="https://www.youtube.com/watch?v=Z5g1Z31IVI4">reportáž &#8222;Dětské slyšení 2023&#8220;</a></li>
<li><a href="https://www.youtube.com/watch?v=ExZdpCBavAA">reportáž &#8222;Projektový den na ZŠ Vyhlídka&#8220;</a></li>
<li><a href="https://www.youtube.com/watch?v=okCLw1J3d5A">reportáž &#8222;Zápisy do 1. tříd&#8220;</a></li>
<li><a href="https://www.youtube.com/watch?v=-iT2jDKWl54">reportáž &#8222;SPŠS realizuje projekt sdílených dílem s místními ZŠ<strong>&#8222;</strong></a></li>
<li><a href="https://www.youtube.com/watch?v=u-Sg-aWSJoI">reportáž &#8222;ZŠ Vyhlídka uspořádala Vánoční jarmark&#8220;</a></li>
<li><a href="https://www.regionalnitelevize.cz/video/valasske-mezirici--na-zs-vyhlidka-se-zaci-promenili-v-mlade-vedce/51736">reportáž &#8222;Na ZŠ Vyhlídka se žáci proměnili v mladé vědce&#8220; &#8211; Regionální televize &#8211; červen 2022</a></li>
<li><a href="https://www.youtube.com/watch?v=hAi9QYsbjSQ">reportáž &#8222;Proběhly zápisy do 1. tříd&#8220; &#8211; Regionální televize &#8211; květen 2022</a></li>
<li><a href="https://www.youtube.com/watch?v=YBWKz8P2xQE">reportáž &#8222;Na ZŠ Vyhlídka uspořádali projektový den &#8211; Den zdraví&#8220; &#8211; Regionální televize &#8211; květen 2022</a></li>
<li><a href="https://www.youtube.com/watch?v=7hBWnOIYw6Y">reportáž &#8222;Základní školy navštěvuje téměř stovka ukrajinských dětí&#8220; &#8211; Regionální televize &#8211; duben 2022</a></li>
<li><a href="https://www.youtube.com/watch?v=L_HSMo8_7bE">reportáž &#8222;Mladí chemici se utkali v krajském kole&#8220; &#8211; Regionální televize &#8211; březen 2022</a></li>
<li><a href="https://www.youtube.com/watch?v=1RL7X-SE-tI&amp;t=78s">reportáž &#8222;ZŠ Vyhlídka nabízí hlídání dětí&#8220; &#8211; Regionální televize</a></li>
<li><a href="https://www.youtube.com/watch?v=ycS5o51W1zY">reportáž z akce &#8222;Ponožkový pes 2019&#8220; &#8211; Regionální televize</a></li>
<li><a href="https://www.youtube.com/watch?v=qLcztQxPark">reportáž z návštěvy družební školy ze srbského Čačku 2019 &#8211; Regionální televize</a></li>
<li><a href="https://www.youtube.com/watch?v=dAlAgIxYxcs">reportáž z plavecké soutěže valašskomeziříčských škol &#8211; rok 2016 &#8211; Město Valašské Meziříčí</a></li>
<li><a href="https://www.youtube.com/watch?v=tcCg6djiMb0">reportáž z činnosti Kroužku technických dovedností &#8211; rok 2015</a></li>
</ul>
<p><span style="color: #ffffff;">.</span></p>

<p>Školní videa Školní videa můžete sledovat na YouTube kanálu ZŠ Vyhlídka. Podcasty &#8211; rozhovory s učiteli rozhovor s Ivou Stromšíkovou rozhovor s Vojtou Bačou rozhovor s Jakubem Škulavíkem rozhovor s Lucií Chvatíkovou Videa &#8211; odkazy na reportáže o naší škole <a href="https://www.zsvyhlidka.cz/?page_id=21666" class="read-more">Zobrazit více&#8230;</a></p>
