{"id":220,"date":"2016-09-13T15:38:30","date_gmt":"2016-09-13T13:38:30","guid":{"rendered":"http:\/\/www.zsvyhlidka.cz\/?page_id=220"},"modified":"2026-02-13T07:46:05","modified_gmt":"2026-02-13T06:46:05","slug":"zapis-do-1-rocniku","status":"publish","type":"page","link":"https:\/\/www.zsvyhlidka.cz\/?page_id=220","title":{"rendered":"Z\u00e1pis do 1. ro\u010dn\u00edku"},"content":{"rendered":"<p><a href=\"http:\/\/www.zsvyhlidka.cz\/wp-content\/uploads\/2026\/02\/260212_oznameni_rozhodnuti-o-prijeti.pdf\"><span style=\"text-decoration: underline;\">Rozhodnut\u00ed o<\/span><span style=\"text-decoration: underline;\"> p\u0159ijet\u00ed \u017e\u00e1k\u016f k z\u00e1kladn\u00edmu vzd\u011bl\u00e1v\u00e1n\u00ed<\/span><\/a><\/p>\n<p>Informace k odkladu \u0161koln\u00ed doch\u00e1zky<\/p>\n<ul>\n<li><span style=\"text-decoration: underline;\"><a href=\"http:\/\/www.zsvyhlidka.cz\/wp-content\/uploads\/2025\/12\/2511_Odklad_povinne_skolni_dochazky_ZZ_1.pdf\">u d\u011bt\u00ed narozen\u00fdch od 1. 9. 2019 do 31. 3. 2020<\/a><\/span><\/li>\n<li><span style=\"text-decoration: underline;\"><a href=\"http:\/\/www.zsvyhlidka.cz\/wp-content\/uploads\/2025\/12\/2511_Odklad-_povinne_skolni_dochazky_ZZ_2.pdf\">u d\u011bt\u00ed narozen\u00fdch od 1. 4. do 31. 8. 2020<\/a><\/span><\/li>\n<li><span style=\"text-decoration: underline;\"><a href=\"http:\/\/www.zsvyhlidka.cz\/wp-content\/uploads\/2025\/12\/2512_Zadost-o-odklad-povinne-skolni-dochazky_formular.pdf\">\u017e\u00e1dost o odklad \u0161koln\u00ed doch\u00e1zky<\/a><\/span><\/li>\n<\/ul>\n<p><span style=\"text-decoration: underline;\"><a href=\"http:\/\/www.zsvyhlidka.cz\/wp-content\/uploads\/2025\/10\/2510_smoulohratky-1.png\">Hr\u00e1tky s p\u0159ed\u0161kol\u00e1ky<\/a><\/span><\/p>\n<p><a href=\"http:\/\/www.zsvyhlidka.cz\/wp-content\/uploads\/2025\/11\/2511_co-vam-muzeme-nabidnout-23.pdf\"><span style=\"text-decoration: underline;\">Co V\u00e1m m\u016f\u017eeme nab\u00eddnout?<\/span><\/a><\/p>\n<p><a href=\"http:\/\/www.zsvyhlidka.cz\/wp-content\/uploads\/2025\/03\/Kriteria-pro-prijimani-zaku-do-1_2024.pdf.pdf\"><span style=\"text-decoration: underline;\">Krit\u00e9ria p\u0159ijet\u00ed<\/span><\/a><\/p>\n<p><a href=\"http:\/\/www.zsvyhlidka.cz\/wp-content\/uploads\/2025\/11\/2511_plynuly_prechod_letak-1.pdf\"><span style=\"text-decoration: underline;\">Jak m\u016f\u017eete pomoci sv\u00e9mu d\u00edt\u011bti p\u0159ed n\u00e1stupem do z\u00e1kladn\u00ed \u0161koly<\/span><\/a><\/p>\n<p><span style=\"text-decoration: underline;\"><a href=\"http:\/\/www.zsvyhlidka.cz\/wp-content\/uploads\/2025\/03\/Desatero-pro-rodice_2025.pdf\">Desatero pro rodi\u010de\u00a0d\u011bt\u00ed p\u0159ed\u0161koln\u00edho v\u011bku<\/a><\/span><\/p>\n<p><a href=\"http:\/\/www.zsvyhlidka.cz\/wp-content\/uploads\/2025\/03\/1_2022-OZV-spadove-obvody-skol-Valasske-Mezirici-fin.pdf\"><span style=\"text-decoration: underline;\">Sp\u00e1dovost \u0161kol<\/span><\/a><\/p>\n<p><span style=\"text-decoration: underline;\">Seznamy t\u0159\u00edd budouc\u00edho 1. ro\u010dn\u00edku<\/span><\/p>\n<p><u><\/u><u><a href=\"http:\/\/www.zsvyhlidka.cz\/wp-content\/uploads\/2025\/12\/2511_TS_1rocnik_2026-2027.pdf\">T\u0159\u00eddn\u00ed sch\u016fzky pro rodi\u010de budouc\u00edch 1. ro\u010dn\u00edk\u016f (2026\/2027)<\/a><\/u><\/p>\n<p><a href=\"http:\/\/www.zsvyhlidka.cz\/wp-content\/uploads\/2025\/12\/2511_prisklni-tabor_2026-2027.pdf\"><u>P\u0159\u00ed\u0161koln\u00ed t\u00e1bor 2026<\/u><\/a><\/p>\n\n\n<p><\/p>\n\n\n\n<p><\/p>\n","protected":false},"excerpt":{"rendered":"<p>Rozhodnut\u00ed o p\u0159ijet\u00ed \u017e\u00e1k\u016f k z\u00e1kladn\u00edmu vzd\u011bl\u00e1v\u00e1n\u00ed Informace k odkladu \u0161koln\u00ed doch\u00e1zky u d\u011bt\u00ed narozen\u00fdch od 1. 9. 2019 do 31. 3. 2020 u d\u011bt\u00ed narozen\u00fdch od 1. 4. do 31. 8. 2020 \u017e\u00e1dost o odklad \u0161koln\u00ed doch\u00e1zky Hr\u00e1tky s <a href=\"https:\/\/www.zsvyhlidka.cz\/?page_id=220\" class=\"read-more\">Zobrazit v\u00edce&#8230;<\/a><\/p>\n","protected":false},"author":1,"featured_media":0,"parent":0,"menu_order":74,"comment_status":"closed","ping_status":"closed","template":"","meta":[],"_links":{"self":[{"href":"https:\/\/www.zsvyhlidka.cz\/index.php?rest_route=\/wp\/v2\/pages\/220"}],"collection":[{"href":"https:\/\/www.zsvyhlidka.cz\/index.php?rest_route=\/wp\/v2\/pages"}],"about":[{"href":"https:\/\/www.zsvyhlidka.cz\/index.php?rest_route=\/wp\/v2\/types\/page"}],"author":[{"embeddable":true,"href":"https:\/\/www.zsvyhlidka.cz\/index.php?rest_route=\/wp\/v2\/users\/1"}],"replies":[{"embeddable":true,"href":"https:\/\/www.zsvyhlidka.cz\/index.php?rest_route=%2Fwp%2Fv2%2Fcomments&post=220"}],"version-history":[{"count":195,"href":"https:\/\/www.zsvyhlidka.cz\/index.php?rest_route=\/wp\/v2\/pages\/220\/revisions"}],"predecessor-version":[{"id":36214,"href":"https:\/\/www.zsvyhlidka.cz\/index.php?rest_route=\/wp\/v2\/pages\/220\/revisions\/36214"}],"wp:attachment":[{"href":"https:\/\/www.zsvyhlidka.cz\/index.php?rest_route=%2Fwp%2Fv2%2Fmedia&parent=220"}],"curies":[{"name":"wp","href":"https:\/\/api.w.org\/{rel}","templated":true}]}}

Zápis do 1. ročníku

<p><a href="http://www.zsvyhlidka.cz/wp-content/uploads/2026/02/260212_oznameni_rozhodnuti-o-prijeti.pdf"><span style="text-decoration: underline;">Rozhodnutí o</span><span style="text-decoration: underline;"> přijetí žáků k základnímu vzdělávání</span></a></p>
<p>Informace k odkladu školní docházky</p>
<ul>
<li><span style="text-decoration: underline;"><a href="http://www.zsvyhlidka.cz/wp-content/uploads/2025/12/2511_Odklad_povinne_skolni_dochazky_ZZ_1.pdf">u dětí narozených od 1. 9. 2019 do 31. 3. 2020</a></span></li>
<li><span style="text-decoration: underline;"><a href="http://www.zsvyhlidka.cz/wp-content/uploads/2025/12/2511_Odklad-_povinne_skolni_dochazky_ZZ_2.pdf">u dětí narozených od 1. 4. do 31. 8. 2020</a></span></li>
<li><span style="text-decoration: underline;"><a href="http://www.zsvyhlidka.cz/wp-content/uploads/2025/12/2512_Zadost-o-odklad-povinne-skolni-dochazky_formular.pdf">žádost o odklad školní docházky</a></span></li>
</ul>
<p><span style="text-decoration: underline;"><a href="http://www.zsvyhlidka.cz/wp-content/uploads/2025/10/2510_smoulohratky-1.png">Hrátky s předškoláky</a></span></p>
<p><a href="http://www.zsvyhlidka.cz/wp-content/uploads/2025/11/2511_co-vam-muzeme-nabidnout-23.pdf"><span style="text-decoration: underline;">Co Vám můžeme nabídnout?</span></a></p>
<p><a href="http://www.zsvyhlidka.cz/wp-content/uploads/2025/03/Kriteria-pro-prijimani-zaku-do-1_2024.pdf.pdf"><span style="text-decoration: underline;">Kritéria přijetí</span></a></p>
<p><a href="http://www.zsvyhlidka.cz/wp-content/uploads/2025/11/2511_plynuly_prechod_letak-1.pdf"><span style="text-decoration: underline;">Jak můžete pomoci svému dítěti před nástupem do základní školy</span></a></p>
<p><span style="text-decoration: underline;"><a href="http://www.zsvyhlidka.cz/wp-content/uploads/2025/03/Desatero-pro-rodice_2025.pdf">Desatero pro rodiče dětí předškolního věku</a></span></p>
<p><a href="http://www.zsvyhlidka.cz/wp-content/uploads/2025/03/1_2022-OZV-spadove-obvody-skol-Valasske-Mezirici-fin.pdf"><span style="text-decoration: underline;">Spádovost škol</span></a></p>
<p><span style="text-decoration: underline;">Seznamy tříd budoucího 1. ročníku</span></p>
<p><u></u><u><a href="http://www.zsvyhlidka.cz/wp-content/uploads/2025/12/2511_TS_1rocnik_2026-2027.pdf">Třídní schůzky pro rodiče budoucích 1. ročníků (2026/2027)</a></u></p>
<p><a href="http://www.zsvyhlidka.cz/wp-content/uploads/2025/12/2511_prisklni-tabor_2026-2027.pdf"><u>Příškolní tábor 2026</u></a></p>


<p></p>



<p></p>

<p>Rozhodnutí o přijetí žáků k základnímu vzdělávání Informace k odkladu školní docházky u dětí narozených od 1. 9. 2019 do 31. 3. 2020 u dětí narozených od 1. 4. do 31. 8. 2020 žádost o odklad školní docházky Hrátky s <a href="https://www.zsvyhlidka.cz/?page_id=220" class="read-more">Zobrazit více&#8230;</a></p>
