{"id":22430,"date":"2020-03-10T19:28:49","date_gmt":"2020-03-10T18:28:49","guid":{"rendered":"http:\/\/www.zsvyhlidka.cz\/?page_id=22430"},"modified":"2020-03-10T19:28:49","modified_gmt":"2020-03-10T18:28:49","slug":"4-rocnik","status":"publish","type":"page","link":"https:\/\/www.zsvyhlidka.cz\/?page_id=22430","title":{"rendered":"4. ro\u010dn\u00edk"},"content":{"rendered":"<h5><strong>4. ro\u010dn\u00edk<\/strong><\/h5>\n","protected":false},"excerpt":{"rendered":"<p>4. ro\u010dn\u00edk<\/p>\n","protected":false},"author":4,"featured_media":0,"parent":0,"menu_order":0,"comment_status":"closed","ping_status":"closed","template":"page-fullwidth.php","meta":[],"_links":{"self":[{"href":"https:\/\/www.zsvyhlidka.cz\/index.php?rest_route=\/wp\/v2\/pages\/22430"}],"collection":[{"href":"https:\/\/www.zsvyhlidka.cz\/index.php?rest_route=\/wp\/v2\/pages"}],"about":[{"href":"https:\/\/www.zsvyhlidka.cz\/index.php?rest_route=\/wp\/v2\/types\/page"}],"author":[{"embeddable":true,"href":"https:\/\/www.zsvyhlidka.cz\/index.php?rest_route=\/wp\/v2\/users\/4"}],"replies":[{"embeddable":true,"href":"https:\/\/www.zsvyhlidka.cz\/index.php?rest_route=%2Fwp%2Fv2%2Fcomments&post=22430"}],"version-history":[{"count":1,"href":"https:\/\/www.zsvyhlidka.cz\/index.php?rest_route=\/wp\/v2\/pages\/22430\/revisions"}],"predecessor-version":[{"id":22431,"href":"https:\/\/www.zsvyhlidka.cz\/index.php?rest_route=\/wp\/v2\/pages\/22430\/revisions\/22431"}],"wp:attachment":[{"href":"https:\/\/www.zsvyhlidka.cz\/index.php?rest_route=%2Fwp%2Fv2%2Fmedia&parent=22430"}],"curies":[{"name":"wp","href":"https:\/\/api.w.org\/{rel}","templated":true}]}}