{"id":22470,"date":"2020-03-11T09:30:43","date_gmt":"2020-03-11T08:30:43","guid":{"rendered":"http:\/\/www.zsvyhlidka.cz\/?page_id=22470"},"modified":"2020-06-14T20:34:08","modified_gmt":"2020-06-14T18:34:08","slug":"trida-v-b","status":"publish","type":"page","link":"https:\/\/www.zsvyhlidka.cz\/?page_id=22470","title":{"rendered":"T\u0159\u00edda V.B &#8211; Mgr. Radka Myna\u0159\u00edkov\u00e1"},"content":{"rendered":"<h5><strong>T\u0159\u00edda V.B<\/strong><\/h5>\n<p>T\u0159\u00eddn\u00ed u\u010ditelka:\u00a0<strong>Mgr. Radka Myna\u0159\u00edkov\u00e1<\/strong><\/p>\n<p>Pracovn\u00ed email: mynarikova@zsvyhlidka.cz<\/p>\n<p>Dom\u00e1c\u00ed p\u0159\u00edprava:<\/p>\n<ul>\n<li><a href=\"http:\/\/www.zsvyhlidka.cz\/wp-content\/uploads\/2020\/03\/D\u00da-5.A-a-5.B-do-p\u00e1tku-13.3.2020.pdf\">Dom\u00e1c\u00ed p\u0159\u00edprava do p\u00e1tku 13.3.2020<\/a><\/li>\n<li><a href=\"http:\/\/www.zsvyhlidka.cz\/wp-content\/uploads\/2020\/03\/Dom\u00e1c\u00ed-\u00fakoly-\u010dj-m-16.-3.-20.-3.-2020.docx.pdf\">Dom\u00e1c\u00ed p\u0159\u00edprava \u010cj, Ma, Vl 16. 3. &#8211; 20. 3. 2020<\/a><\/li>\n<li><a href=\"http:\/\/www.zsvyhlidka.cz\/wp-content\/uploads\/2020\/03\/P\u0159\u00edrodov\u011bda-16.-3.-20.-3.-2020.pdf\">Dom\u00e1c\u00ed p\u0159\u00edprava P\u0159 16. 3. &#8211; 20. 3. 2020<\/a><\/li>\n<li><a href=\"http:\/\/www.zsvyhlidka.cz\/wp-content\/uploads\/2020\/03\/dom\u00e1c\u00ed-\u00fakoly-\u010dj-m-vl-p\u0159-23.-3.-27.-3.-2020.pdf\">Dom\u00e1c\u00ed p\u0159\u00edprava 23. 3. &#8211; 27. 3. 2020<\/a><\/li>\n<li><a href=\"http:\/\/www.zsvyhlidka.cz\/?page_id=23697\">Dom\u00e1c\u00ed p\u0159\u00edprava 30. 3. &#8211; 3. 4. 2020<\/a><\/li>\n<li><a href=\"http:\/\/www.zsvyhlidka.cz\/wp-content\/uploads\/2020\/04\/dom\u00e1c\u00ed-\u00fakoly-\u010dj-m-vl-p\u0159-6.-4.-8.-4.-2020-5B.docx.pdf\">Dom\u00e1c\u00ed p\u0159\u00edprava 6. 4. &#8211; 8. 4. 2020<\/a><\/li>\n<li><a href=\"http:\/\/www.zsvyhlidka.cz\/wp-content\/uploads\/2020\/04\/dom\u00e1c\u00ed-\u00fakoly-\u010dj-m-vl-p\u0159-od-14.-4.-do-17.-4.-2020-5B.pdf\">Dom\u00e1c\u00ed p\u0159\u00edprava 14. 4. &#8211; 17. 4. 2020<\/a><\/li>\n<li><a href=\"http:\/\/www.zsvyhlidka.cz\/wp-content\/uploads\/2020\/04\/dom\u00e1c\u00ed-\u00fakoly-\u010dj-m-vl-p\u0159-od-20.-4.-do-24.-4.-2020-5B.docx.pdf\">Dom\u00e1c\u00ed p\u0159\u00edprava 20. 4. &#8211; 24. 4. 2020<\/a><\/li>\n<li><a href=\"http:\/\/www.zsvyhlidka.cz\/wp-content\/uploads\/2020\/04\/dom\u00e1c\u00ed-\u00fakoly-\u010dj-m-vl-p\u0159-od-27.-4.-1.-5.-2020-5B.docx.pdf\">Dom\u00e1c\u00ed p\u0159\u00edprava 27. 4. &#8211; 30. 4. 2020<\/a><\/li>\n<li><a href=\"http:\/\/www.zsvyhlidka.cz\/wp-content\/uploads\/2020\/05\/dom\u00e1c\u00ed-\u00fakoly-\u010dj-m-p\u0159-vl-4.-5.-8.-5.-2020-5B.docx.pdf\">Dom\u00e1c\u00ed p\u0159\u00edprava 4. 5. &#8211; 7. 5. 2020<\/a><\/li>\n<li><a href=\"http:\/\/www.zsvyhlidka.cz\/?page_id=25449\">Dom\u00e1c\u00ed p\u0159\u00edprava 11. 5. &#8211; 15. 5. 2020<\/a><\/li>\n<li><a href=\"http:\/\/www.zsvyhlidka.cz\/wp-content\/uploads\/2020\/05\/dom\u00e1c\u00ed-\u00fakoly-\u010dj-m-vl-p\u0159-od-18.-5.-22.-5.-2020-5B.docx.pdf\">Dom\u00e1c\u00ed p\u0159\u00edprava 18. 5. &#8211; 22. 5. 2020<\/a><\/li>\n<li><a href=\"http:\/\/www.zsvyhlidka.cz\/?page_id=26150\">Dom\u00e1c\u00ed p\u0159\u00edprava 25. 5. &#8211; 29. 5. 2020<\/a><\/li>\n<li><a href=\"http:\/\/www.zsvyhlidka.cz\/wp-content\/uploads\/2020\/06\/Dom\u00e1c\u00ed-\u00fakoly-\u010dj-m-vl-p\u0159-1.-6.-5.-6.-2020-5B.pdf\">Dom\u00e1c\u00ed p\u0159\u00edprava 1. 6. &#8211; 5. 6. 2020<\/a><\/li>\n<li><a href=\"http:\/\/www.zsvyhlidka.cz\/?page_id=26781\">Dom\u00e1c\u00ed p\u0159\u00edprava 8. 6. &#8211; 12. 6. 2020<\/a><\/li>\n<li><a href=\"http:\/\/www.zsvyhlidka.cz\/wp-content\/uploads\/2020\/06\/posledn\u00ed-\u00fakoly-5B.pdf\">Dom\u00e1c\u00ed p\u0159\u00edprava 15. 6. &#8211; 23. 6. 2020<\/a><\/li>\n<li><a href=\"http:\/\/www.zsvyhlidka.cz\/?page_id=26151\">Zah\u00e1jen\u00ed \u0161koly<\/a><\/li>\n<li><a href=\"http:\/\/www.zsvyhlidka.cz\/wp-content\/uploads\/2020\/03\/Dopis-rodi\u010d\u016fm-5.B.pdf\">Dopis rodi\u010d\u016fm<\/a><\/li>\n<\/ul>\n<p><strong>Anglick\u00fd jazyk<\/strong><\/p>\n<p>Skupina Aj<strong>\u00a0Mgr. Heleny Vojk\u016fvkov\u00e9<\/strong>, pracovn\u00ed email:\u00a0vojkuvkova@zsvyhlidka.cz<\/p>\n<ul>\n<li><a href=\"http:\/\/www.zsvyhlidka.cz\/?page_id=24214\">Dom\u00e1c\u00ed p\u0159\u00edpravy<\/a><\/li>\n<\/ul>\n<p>Skupina Aj<strong> Mgr. Jany Rab\u0161tejnkov\u00e9<\/strong>, pracovn\u00ed email:\u00a0rabstejnkova@zsvyhlidka.cz<\/p>\n<ul>\n<li><a href=\"http:\/\/www.zsvyhlidka.cz\/?page_id=24216\">Dom\u00e1c\u00ed p\u0159\u00edpravy<\/a><\/li>\n<\/ul>\n<p><strong>Informatika<\/strong>, vyu\u010duj\u00edc\u00ed\u00a0<strong>Mgr. Helena Vojk\u016fvkov\u00e1<\/strong><\/p>\n<ul>\n<li><a href=\"http:\/\/www.zsvyhlidka.cz\/?page_id=24223\">Dom\u00e1c\u00ed p\u0159\u00edpravy<\/a><\/li>\n<\/ul>\n","protected":false},"excerpt":{"rendered":"<p>T\u0159\u00edda V.B T\u0159\u00eddn\u00ed u\u010ditelka:\u00a0Mgr. Radka Myna\u0159\u00edkov\u00e1 Pracovn\u00ed email: mynarikova@zsvyhlidka.cz Dom\u00e1c\u00ed p\u0159\u00edprava: Dom\u00e1c\u00ed p\u0159\u00edprava do p\u00e1tku 13.3.2020 Dom\u00e1c\u00ed p\u0159\u00edprava \u010cj, Ma, Vl 16. 3. &#8211; 20. 3. 2020 Dom\u00e1c\u00ed p\u0159\u00edprava P\u0159 16. 3. &#8211; 20. 3. 2020 Dom\u00e1c\u00ed p\u0159\u00edprava 23. 3. <a href=\"https:\/\/www.zsvyhlidka.cz\/?page_id=22470\" class=\"read-more\">Zobrazit v\u00edce&#8230;<\/a><\/p>\n","protected":false},"author":4,"featured_media":0,"parent":0,"menu_order":0,"comment_status":"closed","ping_status":"closed","template":"page-fullwidth.php","meta":[],"_links":{"self":[{"href":"https:\/\/www.zsvyhlidka.cz\/index.php?rest_route=\/wp\/v2\/pages\/22470"}],"collection":[{"href":"https:\/\/www.zsvyhlidka.cz\/index.php?rest_route=\/wp\/v2\/pages"}],"about":[{"href":"https:\/\/www.zsvyhlidka.cz\/index.php?rest_route=\/wp\/v2\/types\/page"}],"author":[{"embeddable":true,"href":"https:\/\/www.zsvyhlidka.cz\/index.php?rest_route=\/wp\/v2\/users\/4"}],"replies":[{"embeddable":true,"href":"https:\/\/www.zsvyhlidka.cz\/index.php?rest_route=%2Fwp%2Fv2%2Fcomments&post=22470"}],"version-history":[{"count":51,"href":"https:\/\/www.zsvyhlidka.cz\/index.php?rest_route=\/wp\/v2\/pages\/22470\/revisions"}],"predecessor-version":[{"id":26987,"href":"https:\/\/www.zsvyhlidka.cz\/index.php?rest_route=\/wp\/v2\/pages\/22470\/revisions\/26987"}],"wp:attachment":[{"href":"https:\/\/www.zsvyhlidka.cz\/index.php?rest_route=%2Fwp%2Fv2%2Fmedia&parent=22470"}],"curies":[{"name":"wp","href":"https:\/\/api.w.org\/{rel}","templated":true}]}}

Třída V.B &#8211; Mgr. Radka Mynaříková

<h5><strong>Třída V.B</strong></h5>
<p>Třídní učitelka: <strong>Mgr. Radka Mynaříková</strong></p>
<p>Pracovní email: mynarikova@zsvyhlidka.cz</p>
<p>Domácí příprava:</p>
<ul>
<li><a href="http://www.zsvyhlidka.cz/wp-content/uploads/2020/03/DÚ-5.A-a-5.B-do-pátku-13.3.2020.pdf">Domácí příprava do pátku 13.3.2020</a></li>
<li><a href="http://www.zsvyhlidka.cz/wp-content/uploads/2020/03/Domácí-úkoly-čj-m-16.-3.-20.-3.-2020.docx.pdf">Domácí příprava Čj, Ma, Vl 16. 3. &#8211; 20. 3. 2020</a></li>
<li><a href="http://www.zsvyhlidka.cz/wp-content/uploads/2020/03/Přírodověda-16.-3.-20.-3.-2020.pdf">Domácí příprava Př 16. 3. &#8211; 20. 3. 2020</a></li>
<li><a href="http://www.zsvyhlidka.cz/wp-content/uploads/2020/03/domácí-úkoly-čj-m-vl-př-23.-3.-27.-3.-2020.pdf">Domácí příprava 23. 3. &#8211; 27. 3. 2020</a></li>
<li><a href="http://www.zsvyhlidka.cz/?page_id=23697">Domácí příprava 30. 3. &#8211; 3. 4. 2020</a></li>
<li><a href="http://www.zsvyhlidka.cz/wp-content/uploads/2020/04/domácí-úkoly-čj-m-vl-př-6.-4.-8.-4.-2020-5B.docx.pdf">Domácí příprava 6. 4. &#8211; 8. 4. 2020</a></li>
<li><a href="http://www.zsvyhlidka.cz/wp-content/uploads/2020/04/domácí-úkoly-čj-m-vl-př-od-14.-4.-do-17.-4.-2020-5B.pdf">Domácí příprava 14. 4. &#8211; 17. 4. 2020</a></li>
<li><a href="http://www.zsvyhlidka.cz/wp-content/uploads/2020/04/domácí-úkoly-čj-m-vl-př-od-20.-4.-do-24.-4.-2020-5B.docx.pdf">Domácí příprava 20. 4. &#8211; 24. 4. 2020</a></li>
<li><a href="http://www.zsvyhlidka.cz/wp-content/uploads/2020/04/domácí-úkoly-čj-m-vl-př-od-27.-4.-1.-5.-2020-5B.docx.pdf">Domácí příprava 27. 4. &#8211; 30. 4. 2020</a></li>
<li><a href="http://www.zsvyhlidka.cz/wp-content/uploads/2020/05/domácí-úkoly-čj-m-př-vl-4.-5.-8.-5.-2020-5B.docx.pdf">Domácí příprava 4. 5. &#8211; 7. 5. 2020</a></li>
<li><a href="http://www.zsvyhlidka.cz/?page_id=25449">Domácí příprava 11. 5. &#8211; 15. 5. 2020</a></li>
<li><a href="http://www.zsvyhlidka.cz/wp-content/uploads/2020/05/domácí-úkoly-čj-m-vl-př-od-18.-5.-22.-5.-2020-5B.docx.pdf">Domácí příprava 18. 5. &#8211; 22. 5. 2020</a></li>
<li><a href="http://www.zsvyhlidka.cz/?page_id=26150">Domácí příprava 25. 5. &#8211; 29. 5. 2020</a></li>
<li><a href="http://www.zsvyhlidka.cz/wp-content/uploads/2020/06/Domácí-úkoly-čj-m-vl-př-1.-6.-5.-6.-2020-5B.pdf">Domácí příprava 1. 6. &#8211; 5. 6. 2020</a></li>
<li><a href="http://www.zsvyhlidka.cz/?page_id=26781">Domácí příprava 8. 6. &#8211; 12. 6. 2020</a></li>
<li><a href="http://www.zsvyhlidka.cz/wp-content/uploads/2020/06/poslední-úkoly-5B.pdf">Domácí příprava 15. 6. &#8211; 23. 6. 2020</a></li>
<li><a href="http://www.zsvyhlidka.cz/?page_id=26151">Zahájení školy</a></li>
<li><a href="http://www.zsvyhlidka.cz/wp-content/uploads/2020/03/Dopis-rodičům-5.B.pdf">Dopis rodičům</a></li>
</ul>
<p><strong>Anglický jazyk</strong></p>
<p>Skupina Aj<strong> Mgr. Heleny Vojkůvkové</strong>, pracovní email: vojkuvkova@zsvyhlidka.cz</p>
<ul>
<li><a href="http://www.zsvyhlidka.cz/?page_id=24214">Domácí přípravy</a></li>
</ul>
<p>Skupina Aj<strong> Mgr. Jany Rabštejnkové</strong>, pracovní email: rabstejnkova@zsvyhlidka.cz</p>
<ul>
<li><a href="http://www.zsvyhlidka.cz/?page_id=24216">Domácí přípravy</a></li>
</ul>
<p><strong>Informatika</strong>, vyučující <strong>Mgr. Helena Vojkůvková</strong></p>
<ul>
<li><a href="http://www.zsvyhlidka.cz/?page_id=24223">Domácí přípravy</a></li>
</ul>

<p>Třída V.B Třídní učitelka: Mgr. Radka Mynaříková Pracovní email: mynarikova@zsvyhlidka.cz Domácí příprava: Domácí příprava do pátku 13.3.2020 Domácí příprava Čj, Ma, Vl 16. 3. &#8211; 20. 3. 2020 Domácí příprava Př 16. 3. &#8211; 20. 3. 2020 Domácí příprava 23. 3. <a href="https://www.zsvyhlidka.cz/?page_id=22470" class="read-more">Zobrazit více&#8230;</a></p>
