{"id":230,"date":"2011-07-29T20:29:00","date_gmt":"2011-07-29T19:29:00","guid":{"rendered":"http:\/\/www.zsvyhlidka.cz\/?page_id=230"},"modified":"2025-03-03T07:48:17","modified_gmt":"2025-03-03T06:48:17","slug":"svp","status":"publish","type":"page","link":"https:\/\/www.zsvyhlidka.cz\/?page_id=230","title":{"rendered":"\u0160VP"},"content":{"rendered":"<h5><span style=\"text-decoration: underline;\"><strong>Dokumenty \u0160VP:<\/strong><\/span><\/h5>\n<ul>\n<li style=\"list-style-type: none;\">\n<ul>\n<li><a href=\"http:\/\/www.zsvyhlidka.cz\/wp-content\/uploads\/2025\/03\/Vyhlidka-do-zivota-3.3.2025.pdf\">Vyhl\u00eddka do \u017eivota &#8211; 1.9.2024<\/a><\/li>\n<\/ul>\n<\/li>\n<\/ul>\n<p><span style=\"color: #ccffcc;\">.<\/span><\/p>\n","protected":false},"excerpt":{"rendered":"<p>Dokumenty \u0160VP: Vyhl\u00eddka do \u017eivota &#8211; 1.9.2024 .<\/p>\n","protected":false},"author":1,"featured_media":0,"parent":0,"menu_order":11,"comment_status":"closed","ping_status":"closed","template":"","meta":[],"_links":{"self":[{"href":"https:\/\/www.zsvyhlidka.cz\/index.php?rest_route=\/wp\/v2\/pages\/230"}],"collection":[{"href":"https:\/\/www.zsvyhlidka.cz\/index.php?rest_route=\/wp\/v2\/pages"}],"about":[{"href":"https:\/\/www.zsvyhlidka.cz\/index.php?rest_route=\/wp\/v2\/types\/page"}],"author":[{"embeddable":true,"href":"https:\/\/www.zsvyhlidka.cz\/index.php?rest_route=\/wp\/v2\/users\/1"}],"replies":[{"embeddable":true,"href":"https:\/\/www.zsvyhlidka.cz\/index.php?rest_route=%2Fwp%2Fv2%2Fcomments&post=230"}],"version-history":[{"count":20,"href":"https:\/\/www.zsvyhlidka.cz\/index.php?rest_route=\/wp\/v2\/pages\/230\/revisions"}],"predecessor-version":[{"id":34307,"href":"https:\/\/www.zsvyhlidka.cz\/index.php?rest_route=\/wp\/v2\/pages\/230\/revisions\/34307"}],"wp:attachment":[{"href":"https:\/\/www.zsvyhlidka.cz\/index.php?rest_route=%2Fwp%2Fv2%2Fmedia&parent=230"}],"curies":[{"name":"wp","href":"https:\/\/api.w.org\/{rel}","templated":true}]}}