{"id":234,"date":"2011-07-29T20:30:13","date_gmt":"2011-07-29T19:30:13","guid":{"rendered":"http:\/\/www.zsvyhlidka.cz\/?page_id=234"},"modified":"2024-08-30T13:02:35","modified_gmt":"2024-08-30T11:02:35","slug":"skolni-rad","status":"publish","type":"page","link":"https:\/\/www.zsvyhlidka.cz\/?page_id=234","title":{"rendered":"\u0160koln\u00ed \u0159\u00e1d"},"content":{"rendered":"<p>Aktu\u00e1ln\u00ed \u0161koln\u00ed \u0159\u00e1d je\u00a0<a href=\"http:\/\/www.zsvyhlidka.cz\/wp-content\/uploads\/2024\/08\/Skolni-rad_2024_25.pdf\"><strong>ZDE<\/strong><\/a>.<\/p>\n<p><span style=\"color: #ccffff;\">.<\/span><\/p>\n","protected":false},"excerpt":{"rendered":"<p>Aktu\u00e1ln\u00ed \u0161koln\u00ed \u0159\u00e1d je\u00a0ZDE. .<\/p>\n","protected":false},"author":1,"featured_media":0,"parent":0,"menu_order":31,"comment_status":"closed","ping_status":"closed","template":"","meta":[],"_links":{"self":[{"href":"https:\/\/www.zsvyhlidka.cz\/index.php?rest_route=\/wp\/v2\/pages\/234"}],"collection":[{"href":"https:\/\/www.zsvyhlidka.cz\/index.php?rest_route=\/wp\/v2\/pages"}],"about":[{"href":"https:\/\/www.zsvyhlidka.cz\/index.php?rest_route=\/wp\/v2\/types\/page"}],"author":[{"embeddable":true,"href":"https:\/\/www.zsvyhlidka.cz\/index.php?rest_route=\/wp\/v2\/users\/1"}],"replies":[{"embeddable":true,"href":"https:\/\/www.zsvyhlidka.cz\/index.php?rest_route=%2Fwp%2Fv2%2Fcomments&post=234"}],"version-history":[{"count":19,"href":"https:\/\/www.zsvyhlidka.cz\/index.php?rest_route=\/wp\/v2\/pages\/234\/revisions"}],"predecessor-version":[{"id":33134,"href":"https:\/\/www.zsvyhlidka.cz\/index.php?rest_route=\/wp\/v2\/pages\/234\/revisions\/33134"}],"wp:attachment":[{"href":"https:\/\/www.zsvyhlidka.cz\/index.php?rest_route=%2Fwp%2Fv2%2Fmedia&parent=234"}],"curies":[{"name":"wp","href":"https:\/\/api.w.org\/{rel}","templated":true}]}}