{"id":24066,"date":"2020-04-02T12:58:56","date_gmt":"2020-04-02T10:58:56","guid":{"rendered":"http:\/\/www.zsvyhlidka.cz\/?page_id=24066"},"modified":"2025-08-25T10:36:57","modified_gmt":"2025-08-25T08:36:57","slug":"karierove-poradenstvi","status":"publish","type":"page","link":"https:\/\/www.zsvyhlidka.cz\/?page_id=24066","title":{"rendered":"Kari\u00e9rov\u00e9 poradenstv\u00ed"},"content":{"rendered":"<p>Poskytuje: <strong>Mgr. Martina Krut\u00edlkov\u00e1<\/strong><\/p>\n<p>Dokumenty:<\/p>\n<ul>\n<li>Z\u00e1kladn\u00ed dokument Kari\u00e9rov\u00e9ho poradenstv\u00ed pro \u0161koln\u00ed rok 2025\/2026<\/li>\n<li><a href=\"http:\/\/www.zsvyhlidka.cz\/wp-content\/uploads\/2023\/11\/Obory-ktere-vyzaduji-povinou-lekarskou-prohlidku.pdf\">Obory vy\u017eaduj\u00edc\u00ed l\u00e9ka\u0159skou prohl\u00eddku<\/a><\/li>\n<li><a href=\"http:\/\/www.zsvyhlidka.cz\/wp-content\/uploads\/2022\/09\/Pravidla-pro-poskytovani-financnich-prispevku-zakum-strednich-skol-ve-Zlinskem-kraji-v.pdf\">Podpora \u0159emesel ve Zl\u00ednsk\u00e9m kraji<\/a><\/li>\n<li><a href=\"http:\/\/www.zsvyhlidka.cz\/wp-content\/uploads\/2022\/09\/PRIPRAVA-NA-PRIJIMACI-ZKOUSKY-1.pdf\">Internetov\u00e9 odkazy k p\u0159ij\u00edmac\u00edmu \u0159\u00edzen\u00ed a k volb\u011b povol\u00e1n\u00ed<\/a><\/li>\n<li><a href=\"http:\/\/www.zsvyhlidka.cz\/wp-content\/uploads\/2022\/09\/casto-kladene-otazky.pdf\">\u010casto kladen\u00e9 ot\u00e1zky<\/a><\/li>\n<\/ul>\n<p>.<\/p>\n\n\n<p><\/p>\n","protected":false},"excerpt":{"rendered":"<p>Poskytuje: Mgr. Martina Krut\u00edlkov\u00e1 Dokumenty: Z\u00e1kladn\u00ed dokument Kari\u00e9rov\u00e9ho poradenstv\u00ed pro \u0161koln\u00ed rok 2025\/2026 Obory vy\u017eaduj\u00edc\u00ed l\u00e9ka\u0159skou prohl\u00eddku Podpora \u0159emesel ve Zl\u00ednsk\u00e9m kraji Internetov\u00e9 odkazy k p\u0159ij\u00edmac\u00edmu \u0159\u00edzen\u00ed a k volb\u011b povol\u00e1n\u00ed \u010casto kladen\u00e9 ot\u00e1zky .<\/p>\n","protected":false},"author":4,"featured_media":0,"parent":0,"menu_order":0,"comment_status":"closed","ping_status":"closed","template":"","meta":[],"_links":{"self":[{"href":"https:\/\/www.zsvyhlidka.cz\/index.php?rest_route=\/wp\/v2\/pages\/24066"}],"collection":[{"href":"https:\/\/www.zsvyhlidka.cz\/index.php?rest_route=\/wp\/v2\/pages"}],"about":[{"href":"https:\/\/www.zsvyhlidka.cz\/index.php?rest_route=\/wp\/v2\/types\/page"}],"author":[{"embeddable":true,"href":"https:\/\/www.zsvyhlidka.cz\/index.php?rest_route=\/wp\/v2\/users\/4"}],"replies":[{"embeddable":true,"href":"https:\/\/www.zsvyhlidka.cz\/index.php?rest_route=%2Fwp%2Fv2%2Fcomments&post=24066"}],"version-history":[{"count":39,"href":"https:\/\/www.zsvyhlidka.cz\/index.php?rest_route=\/wp\/v2\/pages\/24066\/revisions"}],"predecessor-version":[{"id":35243,"href":"https:\/\/www.zsvyhlidka.cz\/index.php?rest_route=\/wp\/v2\/pages\/24066\/revisions\/35243"}],"wp:attachment":[{"href":"https:\/\/www.zsvyhlidka.cz\/index.php?rest_route=%2Fwp%2Fv2%2Fmedia&parent=24066"}],"curies":[{"name":"wp","href":"https:\/\/api.w.org\/{rel}","templated":true}]}}