{"id":24223,"date":"2020-04-05T20:44:02","date_gmt":"2020-04-05T18:44:02","guid":{"rendered":"http:\/\/www.zsvyhlidka.cz\/?page_id=24223"},"modified":"2020-04-27T08:50:44","modified_gmt":"2020-04-27T06:50:44","slug":"domaci-pripravy-3","status":"publish","type":"page","link":"https:\/\/www.zsvyhlidka.cz\/?page_id=24223","title":{"rendered":"Dom\u00e1c\u00ed p\u0159\u00edpravy"},"content":{"rendered":"<h5><strong>Dom\u00e1c\u00ed p\u0159\u00edpravy<\/strong><\/h5>\n<ul>\n<li><a href=\"http:\/\/www.zsvyhlidka.cz\/wp-content\/uploads\/2020\/03\/Informatika.pdf\">Zad\u00e1n\u00ed dom\u00e1c\u00ed pr\u00e1ce<\/a><\/li>\n<li><a href=\"http:\/\/www.zsvyhlidka.cz\/wp-content\/uploads\/2020\/03\/Informatika-5.-A-B-23.-3.-26.-3.-2020.pdf\">Dom\u00e1c\u00ed p\u0159\u00edprava 23. 3. &#8211; 26. 3. 2020<\/a><\/li>\n<li><a href=\"http:\/\/www.zsvyhlidka.cz\/wp-content\/uploads\/2020\/03\/Informatika-30.-3.-3.-4.-2020-5.-A-B.pdf\">Dom\u00e1c\u00ed p\u0159\u00edprava 30. 4. &#8211; 3. 4. 2020<\/a><\/li>\n<li><a href=\"http:\/\/www.zsvyhlidka.cz\/wp-content\/uploads\/2020\/04\/Informatika-5.-A-B-Psan\u00ed-Hrav\u011b-z\u00e1jemci.docx.pdf\">Dom\u00e1c\u00ed p\u0159\u00edprava 6. 4. &#8211; 8. 4. 2020<\/a><\/li>\n<li><a href=\"http:\/\/www.zsvyhlidka.cz\/wp-content\/uploads\/2020\/04\/Informatika-5.-A-B-27.-4.-30.-4.-2020.pdf\">Dom\u00e1c\u00ed p\u0159\u00edprava 27. 4. &#8211; 30. 4. 2020<\/a><\/li>\n<\/ul>\n","protected":false},"excerpt":{"rendered":"<p>Dom\u00e1c\u00ed p\u0159\u00edpravy Zad\u00e1n\u00ed dom\u00e1c\u00ed pr\u00e1ce Dom\u00e1c\u00ed p\u0159\u00edprava 23. 3. &#8211; 26. 3. 2020 Dom\u00e1c\u00ed p\u0159\u00edprava 30. 4. &#8211; 3. 4. 2020 Dom\u00e1c\u00ed p\u0159\u00edprava 6. 4. &#8211; 8. 4. 2020 Dom\u00e1c\u00ed p\u0159\u00edprava 27. 4. &#8211; 30. 4. 2020<\/p>\n","protected":false},"author":2,"featured_media":0,"parent":0,"menu_order":0,"comment_status":"closed","ping_status":"closed","template":"page-fullwidth.php","meta":[],"_links":{"self":[{"href":"https:\/\/www.zsvyhlidka.cz\/index.php?rest_route=\/wp\/v2\/pages\/24223"}],"collection":[{"href":"https:\/\/www.zsvyhlidka.cz\/index.php?rest_route=\/wp\/v2\/pages"}],"about":[{"href":"https:\/\/www.zsvyhlidka.cz\/index.php?rest_route=\/wp\/v2\/types\/page"}],"author":[{"embeddable":true,"href":"https:\/\/www.zsvyhlidka.cz\/index.php?rest_route=\/wp\/v2\/users\/2"}],"replies":[{"embeddable":true,"href":"https:\/\/www.zsvyhlidka.cz\/index.php?rest_route=%2Fwp%2Fv2%2Fcomments&post=24223"}],"version-history":[{"count":3,"href":"https:\/\/www.zsvyhlidka.cz\/index.php?rest_route=\/wp\/v2\/pages\/24223\/revisions"}],"predecessor-version":[{"id":25096,"href":"https:\/\/www.zsvyhlidka.cz\/index.php?rest_route=\/wp\/v2\/pages\/24223\/revisions\/25096"}],"wp:attachment":[{"href":"https:\/\/www.zsvyhlidka.cz\/index.php?rest_route=%2Fwp%2Fv2%2Fmedia&parent=24223"}],"curies":[{"name":"wp","href":"https:\/\/api.w.org\/{rel}","templated":true}]}}