{"id":26775,"date":"2020-06-07T20:31:54","date_gmt":"2020-06-07T18:31:54","guid":{"rendered":"http:\/\/www.zsvyhlidka.cz\/?page_id=26775"},"modified":"2020-06-07T20:31:54","modified_gmt":"2020-06-07T18:31:54","slug":"domaci-priprava-aj-8-6-12-6-2020","status":"publish","type":"page","link":"https:\/\/www.zsvyhlidka.cz\/?page_id=26775","title":{"rendered":"Dom\u00e1c\u00ed p\u0159\u00edprava Aj 8. 6. &#8211; 12. 6. 2020"},"content":{"rendered":"<h5><strong>Dom\u00e1c\u00ed p\u0159\u00edprava Aj 8. 6. &#8211; 12. 6. 2020<\/strong><\/h5>\n<ul>\n<li><a href=\"http:\/\/www.zsvyhlidka.cz\/wp-content\/uploads\/2020\/06\/Dom\u00e1c\u00ed-\u00fakol-Aj-8.-6.-12.-6.-2020-5.AB_.pdf\">Zad\u00e1n\u00ed<\/a><\/li>\n<li><a href=\"http:\/\/www.zsvyhlidka.cz\/wp-content\/uploads\/2020\/06\/\u010d\u00e1sti-t\u011bla-8.-6.-12.-6.-5.AB_.pdf\">\u00dakol<\/a><\/li>\n<\/ul>\n","protected":false},"excerpt":{"rendered":"<p>Dom\u00e1c\u00ed p\u0159\u00edprava Aj 8. 6. &#8211; 12. 6. 2020 Zad\u00e1n\u00ed \u00dakol<\/p>\n","protected":false},"author":2,"featured_media":0,"parent":0,"menu_order":0,"comment_status":"closed","ping_status":"closed","template":"page-fullwidth.php","meta":[],"_links":{"self":[{"href":"https:\/\/www.zsvyhlidka.cz\/index.php?rest_route=\/wp\/v2\/pages\/26775"}],"collection":[{"href":"https:\/\/www.zsvyhlidka.cz\/index.php?rest_route=\/wp\/v2\/pages"}],"about":[{"href":"https:\/\/www.zsvyhlidka.cz\/index.php?rest_route=\/wp\/v2\/types\/page"}],"author":[{"embeddable":true,"href":"https:\/\/www.zsvyhlidka.cz\/index.php?rest_route=\/wp\/v2\/users\/2"}],"replies":[{"embeddable":true,"href":"https:\/\/www.zsvyhlidka.cz\/index.php?rest_route=%2Fwp%2Fv2%2Fcomments&post=26775"}],"version-history":[{"count":1,"href":"https:\/\/www.zsvyhlidka.cz\/index.php?rest_route=\/wp\/v2\/pages\/26775\/revisions"}],"predecessor-version":[{"id":26778,"href":"https:\/\/www.zsvyhlidka.cz\/index.php?rest_route=\/wp\/v2\/pages\/26775\/revisions\/26778"}],"wp:attachment":[{"href":"https:\/\/www.zsvyhlidka.cz\/index.php?rest_route=%2Fwp%2Fv2%2Fmedia&parent=26775"}],"curies":[{"name":"wp","href":"https:\/\/api.w.org\/{rel}","templated":true}]}}