{"id":28608,"date":"2021-09-26T21:42:33","date_gmt":"2021-09-26T19:42:33","guid":{"rendered":"http:\/\/www.zsvyhlidka.cz\/?page_id=28608"},"modified":"2021-09-26T21:46:48","modified_gmt":"2021-09-26T19:46:48","slug":"zacatek-skolniho-roku-v-sd","status":"publish","type":"page","link":"https:\/\/www.zsvyhlidka.cz\/?page_id=28608","title":{"rendered":"Za\u010d\u00e1tek \u0161koln\u00edho roku v \u0160D"},"content":{"rendered":"\n<p>Leto\u0161n\u00ed \u0161koln\u00ed rok v&nbsp;dru\u017ein\u011b jsme zah\u00e1jili op\u011bt ve \u010dty\u0159ech odd\u011blen\u00edch. A po nezbytn\u00e9 administrativ\u011b s&nbsp;rodi\u010di v&nbsp;prvn\u00edch z\u00e1\u0159ijov\u00fdch dnech, jsme se hned pustili do volno\u010dasov\u00fdch aktivit. A to jak t\u011bch pravideln\u00fdch v&nbsp;dru\u017eince, tak i t\u011bch, kter\u00e9 n\u00e1m nab\u00edz\u00ed na\u0161e m\u011bsto Vala\u0161sk\u00e9 Mezi\u0159\u00ed\u010d\u00ed.<\/p>\n\n\n\n<p>T\u0159i dny str\u00e1ven\u00e9 na n\u00e1dvo\u0159\u00ed z\u00e1mku \u017derot\u00edn\u016f n\u00e1m zp\u0159\u00edjemnilo i kr\u00e1sn\u00e9 slune\u010dn\u00e9 po\u010das\u00ed. Skv\u011ble p\u0159ipraven\u00fd program poskytovatel\u016f soci\u00e1ln\u00edch slu\u017eeb, z\u00e1stupc\u016f integrovan\u00e9ho z\u00e1chrann\u00e9ho syst\u00e9mu a na z\u00e1v\u011br den s&nbsp;t\u011bmi nejlep\u0161\u00edmi v\u010dela\u0159i na\u0161eho kraje.<\/p>\n\n\n\n<p>D\u011bti si mohly vyzkou\u0161et podle sv\u00fdch rozumov\u00fdch zku\u0161enost\u00ed, jak se \u017eije lidem s&nbsp;handicapem. Mohli si vyzkou\u0161et, jak dok\u00e1\u017eou sami reagovat a jak se spr\u00e1vn\u011b zachovat p\u0159i \u017eivotu nebezpe\u010dn\u00fdch situac\u00edch. Jednotliv\u00e1 stanovi\u0161t\u011b byly p\u0159ipraveny nejen s&nbsp;v\u00e1\u017enou t\u00e9matikou, ale i formou her a pohybov\u00fdch aktivit.<\/p>\n\n\n\n<p>D\u011bti se mohly pod\u00edvat na v\u00fdzbroj i na speci\u00e1ln\u00ed vozov\u00fd park z\u00e1chrann\u00fdch slo\u017eek, kter\u00e9 jsou vybaveny tak, aby mohly v\u010das a efektivn\u011b zas\u00e1hnout p\u0159i mimo\u0159\u00e1dn\u00fdch ud\u00e1lostech.<\/p>\n\n\n\n<p>Besip \u2013 D\u011bti hur\u00e1 bezpe\u010dn\u011b do \u0161koly, je rovn\u011b\u017e spojen se&nbsp;Dny m\u011bsta.<\/p>\n\n\n\n<p>D\u011bti jsou nejzraniteln\u011bj\u0161\u00ed \u00fa\u010dastn\u00edci silni\u010dn\u00edho provozu. Proto je na m\u00edst\u011b p\u016fsobit u\u017e od nej\u00fatlej\u0161\u00edho v\u011bku na v\u0161ech \u00farovn\u00edch vzd\u011bl\u00e1v\u00e1n\u00ed tuto oblast. Z\u00e1bavnou a nen\u00e1silnou formou, jakou si d\u011bti mohly vyzkou\u0161et znalosti provozu a dopravn\u00ed pravidla b\u011bhem t\u00e9to akce, se to ur\u010dit\u011b povedlo.<\/p>\n\n\n\n<p>Medov\u00fd den byl sladkou odm\u011bnou pro v\u0161echny. Ochutn\u00e1vka sout\u011b\u017en\u00edch vzork\u016f medu sklidila u d\u011bt\u00ed nad\u0161en\u00ed. Pro\u0161li jsme si i nau\u010dnou medovou stezku s&nbsp;v\u010delkou M\u00e1jou. Medov\u00e9 pern\u00ed\u010dky von\u011bly jako o V\u00e1noc\u00edch. A do\u0161lo i na medov\u00e9 tvo\u0159en\u00ed a prezentaci v\u0161eho, co v\u010deli\u010dky produkuj\u00ed. Z&nbsp;v\u010del\u00edho vosku si d\u011bti odl\u00e9valy sv\u00ed\u010dky a ty si odnesly jako suven\u00fdr dom\u016f.<\/p>\n\n\n\n<p>B\u011bhem odpo\u010dinku a sva\u010dinky u font\u00e1nky jsme si po\u010dkali, kter\u00fd med byl vyhodnocen\u00fd a chutnal nejl\u00e9pe.<\/p>\n\n\n\n<p>V&nbsp;z\u00e1\u0159\u00ed je\u0161t\u011b zdaleka nekon\u010d\u00edme s&nbsp;p\u0159\u00edjemn\u00fdmi v\u00fdchovn\u011b vzd\u011bl\u00e1vac\u00edmi akcemi. Krom\u011b n\u00e1v\u0161t\u011bv dopravn\u00edho h\u0159i\u0161t\u011b, postupn\u011b vyu\u017eijeme spolupr\u00e1ce s&nbsp;m\u011bstskou knihovnou. Zde si d\u011bti v&nbsp;dan\u00e9m t\u00e9matu ov\u011b\u0159\u00ed z\u00e1bavnou formou sv\u00e9 \u010dten\u00e1\u0159sk\u00e9 znalosti a \u010dten\u00e1\u0159skou gramotnost.<\/p>\n\n\n\n<p>T\u011b\u0161\u00edme se i na podzimn\u00ed tradi\u010dn\u00ed ud\u00e1losti, kter\u00e9 p\u0159ipravujeme pro d\u011bti v&nbsp;dru\u017ein\u011b.&nbsp; Pravideln\u00fd pohyb ve \u0161koln\u00ed t\u011blocvi\u010dn\u011b, ale samoz\u0159ejm\u011b nejv\u00edce \u010dasu budeme dle po\u010das\u00ed tr\u00e1vit na \u010derstv\u00e9m vzduchu.&nbsp; Na\u0161e zahradn\u00ed hern\u00ed prvky dostaly kr\u00e1sn\u00fd barevn\u00fd kab\u00e1tek.&nbsp; Na z\u00e1v\u011br p\u0159ejeme v\u0161em rodi\u010d\u016fm i d\u011btem, kr\u00e1sn\u00e9 bab\u00ed l\u00e9to.<\/p>\n\n\n\n<p>Kolektiv vychovatelek \u0160D<\/p>\n\n\n\n<figure class=\"wp-container-2 wp-block-gallery-1 wp-block-gallery columns-3 is-cropped\"><ul class=\"blocks-gallery-grid\"><li class=\"blocks-gallery-item\"><figure><a href=\"http:\/\/www.zsvyhlidka.cz\/wp-content\/uploads\/2021\/09\/Foto-5.jpg\"><img loading=\"lazy\" width=\"769\" height=\"1024\" src=\"http:\/\/www.zsvyhlidka.cz\/wp-content\/uploads\/2021\/09\/Foto-5-769x1024.jpg\" alt=\"\" data-id=\"28615\" data-full-url=\"http:\/\/www.zsvyhlidka.cz\/wp-content\/uploads\/2021\/09\/Foto-5.jpg\" data-link=\"http:\/\/www.zsvyhlidka.cz\/?attachment_id=28615\" class=\"wp-image-28615\" srcset=\"https:\/\/www.zsvyhlidka.cz\/wp-content\/uploads\/2021\/09\/Foto-5-769x1024.jpg 769w, https:\/\/www.zsvyhlidka.cz\/wp-content\/uploads\/2021\/09\/Foto-5-225x300.jpg 225w, https:\/\/www.zsvyhlidka.cz\/wp-content\/uploads\/2021\/09\/Foto-5-768x1023.jpg 768w, https:\/\/www.zsvyhlidka.cz\/wp-content\/uploads\/2021\/09\/Foto-5-203x270.jpg 203w, https:\/\/www.zsvyhlidka.cz\/wp-content\/uploads\/2021\/09\/Foto-5.jpg 1117w\" sizes=\"(max-width: 769px) 100vw, 769px\" \/><\/a><\/figure><\/li><li class=\"blocks-gallery-item\"><figure><a href=\"http:\/\/www.zsvyhlidka.cz\/wp-content\/uploads\/2021\/09\/Foto-4.jpg\"><img loading=\"lazy\" width=\"769\" height=\"1024\" src=\"http:\/\/www.zsvyhlidka.cz\/wp-content\/uploads\/2021\/09\/Foto-4-769x1024.jpg\" alt=\"\" data-id=\"28614\" data-full-url=\"http:\/\/www.zsvyhlidka.cz\/wp-content\/uploads\/2021\/09\/Foto-4.jpg\" data-link=\"http:\/\/www.zsvyhlidka.cz\/?attachment_id=28614\" class=\"wp-image-28614\" srcset=\"https:\/\/www.zsvyhlidka.cz\/wp-content\/uploads\/2021\/09\/Foto-4-769x1024.jpg 769w, https:\/\/www.zsvyhlidka.cz\/wp-content\/uploads\/2021\/09\/Foto-4-225x300.jpg 225w, https:\/\/www.zsvyhlidka.cz\/wp-content\/uploads\/2021\/09\/Foto-4-768x1023.jpg 768w, https:\/\/www.zsvyhlidka.cz\/wp-content\/uploads\/2021\/09\/Foto-4-203x270.jpg 203w, https:\/\/www.zsvyhlidka.cz\/wp-content\/uploads\/2021\/09\/Foto-4.jpg 1117w\" sizes=\"(max-width: 769px) 100vw, 769px\" \/><\/a><\/figure><\/li><li class=\"blocks-gallery-item\"><figure><a href=\"http:\/\/www.zsvyhlidka.cz\/wp-content\/uploads\/2021\/09\/Foto-3.jpg\"><img loading=\"lazy\" width=\"769\" height=\"1024\" src=\"http:\/\/www.zsvyhlidka.cz\/wp-content\/uploads\/2021\/09\/Foto-3-769x1024.jpg\" alt=\"\" data-id=\"28613\" data-full-url=\"http:\/\/www.zsvyhlidka.cz\/wp-content\/uploads\/2021\/09\/Foto-3.jpg\" data-link=\"http:\/\/www.zsvyhlidka.cz\/?attachment_id=28613\" class=\"wp-image-28613\" srcset=\"https:\/\/www.zsvyhlidka.cz\/wp-content\/uploads\/2021\/09\/Foto-3-769x1024.jpg 769w, https:\/\/www.zsvyhlidka.cz\/wp-content\/uploads\/2021\/09\/Foto-3-225x300.jpg 225w, https:\/\/www.zsvyhlidka.cz\/wp-content\/uploads\/2021\/09\/Foto-3-768x1023.jpg 768w, https:\/\/www.zsvyhlidka.cz\/wp-content\/uploads\/2021\/09\/Foto-3-203x270.jpg 203w, https:\/\/www.zsvyhlidka.cz\/wp-content\/uploads\/2021\/09\/Foto-3.jpg 1117w\" sizes=\"(max-width: 769px) 100vw, 769px\" \/><\/a><\/figure><\/li><li class=\"blocks-gallery-item\"><figure><a href=\"http:\/\/www.zsvyhlidka.cz\/wp-content\/uploads\/2021\/09\/Foto-2.jpg\"><img loading=\"lazy\" width=\"769\" height=\"1024\" src=\"http:\/\/www.zsvyhlidka.cz\/wp-content\/uploads\/2021\/09\/Foto-2-769x1024.jpg\" alt=\"\" data-id=\"28612\" data-full-url=\"http:\/\/www.zsvyhlidka.cz\/wp-content\/uploads\/2021\/09\/Foto-2.jpg\" data-link=\"http:\/\/www.zsvyhlidka.cz\/?attachment_id=28612\" class=\"wp-image-28612\" srcset=\"https:\/\/www.zsvyhlidka.cz\/wp-content\/uploads\/2021\/09\/Foto-2-769x1024.jpg 769w, https:\/\/www.zsvyhlidka.cz\/wp-content\/uploads\/2021\/09\/Foto-2-225x300.jpg 225w, https:\/\/www.zsvyhlidka.cz\/wp-content\/uploads\/2021\/09\/Foto-2-768x1023.jpg 768w, https:\/\/www.zsvyhlidka.cz\/wp-content\/uploads\/2021\/09\/Foto-2-203x270.jpg 203w, https:\/\/www.zsvyhlidka.cz\/wp-content\/uploads\/2021\/09\/Foto-2.jpg 1117w\" sizes=\"(max-width: 769px) 100vw, 769px\" \/><\/a><\/figure><\/li><li class=\"blocks-gallery-item\"><figure><a href=\"http:\/\/www.zsvyhlidka.cz\/wp-content\/uploads\/2021\/09\/foto-1.jpg\"><img loading=\"lazy\" width=\"769\" height=\"1024\" src=\"http:\/\/www.zsvyhlidka.cz\/wp-content\/uploads\/2021\/09\/foto-1-769x1024.jpg\" alt=\"\" data-id=\"28611\" data-full-url=\"http:\/\/www.zsvyhlidka.cz\/wp-content\/uploads\/2021\/09\/foto-1.jpg\" data-link=\"http:\/\/www.zsvyhlidka.cz\/?attachment_id=28611\" class=\"wp-image-28611\" srcset=\"https:\/\/www.zsvyhlidka.cz\/wp-content\/uploads\/2021\/09\/foto-1-769x1024.jpg 769w, https:\/\/www.zsvyhlidka.cz\/wp-content\/uploads\/2021\/09\/foto-1-225x300.jpg 225w, https:\/\/www.zsvyhlidka.cz\/wp-content\/uploads\/2021\/09\/foto-1-768x1023.jpg 768w, https:\/\/www.zsvyhlidka.cz\/wp-content\/uploads\/2021\/09\/foto-1-203x270.jpg 203w, https:\/\/www.zsvyhlidka.cz\/wp-content\/uploads\/2021\/09\/foto-1.jpg 1117w\" sizes=\"(max-width: 769px) 100vw, 769px\" \/><\/a><\/figure><\/li><\/ul><\/figure>\n","protected":false},"excerpt":{"rendered":"<p>Leto\u0161n\u00ed \u0161koln\u00ed rok v&nbsp;dru\u017ein\u011b jsme zah\u00e1jili op\u011bt ve \u010dty\u0159ech odd\u011blen\u00edch. A po nezbytn\u00e9 administrativ\u011b s&nbsp;rodi\u010di v&nbsp;prvn\u00edch z\u00e1\u0159ijov\u00fdch dnech, jsme se hned pustili do volno\u010dasov\u00fdch aktivit. A to jak t\u011bch pravideln\u00fdch v&nbsp;dru\u017eince, tak i t\u011bch, kter\u00e9 n\u00e1m nab\u00edz\u00ed na\u0161e m\u011bsto Vala\u0161sk\u00e9 <a href=\"https:\/\/www.zsvyhlidka.cz\/?page_id=28608\" class=\"read-more\">Zobrazit v\u00edce&#8230;<\/a><\/p>\n","protected":false},"author":4,"featured_media":0,"parent":0,"menu_order":0,"comment_status":"closed","ping_status":"closed","template":"","meta":[],"_links":{"self":[{"href":"https:\/\/www.zsvyhlidka.cz\/index.php?rest_route=\/wp\/v2\/pages\/28608"}],"collection":[{"href":"https:\/\/www.zsvyhlidka.cz\/index.php?rest_route=\/wp\/v2\/pages"}],"about":[{"href":"https:\/\/www.zsvyhlidka.cz\/index.php?rest_route=\/wp\/v2\/types\/page"}],"author":[{"embeddable":true,"href":"https:\/\/www.zsvyhlidka.cz\/index.php?rest_route=\/wp\/v2\/users\/4"}],"replies":[{"embeddable":true,"href":"https:\/\/www.zsvyhlidka.cz\/index.php?rest_route=%2Fwp%2Fv2%2Fcomments&post=28608"}],"version-history":[{"count":2,"href":"https:\/\/www.zsvyhlidka.cz\/index.php?rest_route=\/wp\/v2\/pages\/28608\/revisions"}],"predecessor-version":[{"id":28616,"href":"https:\/\/www.zsvyhlidka.cz\/index.php?rest_route=\/wp\/v2\/pages\/28608\/revisions\/28616"}],"wp:attachment":[{"href":"https:\/\/www.zsvyhlidka.cz\/index.php?rest_route=%2Fwp%2Fv2%2Fmedia&parent=28608"}],"curies":[{"name":"wp","href":"https:\/\/api.w.org\/{rel}","templated":true}]}}