{"id":29043,"date":"2022-01-19T10:40:43","date_gmt":"2022-01-19T09:40:43","guid":{"rendered":"http:\/\/www.zsvyhlidka.cz\/?page_id=29043"},"modified":"2022-01-19T10:40:43","modified_gmt":"2022-01-19T09:40:43","slug":"pololeti-skolniho-roku-2021-2022-jarni-prazdniny","status":"publish","type":"page","link":"https:\/\/www.zsvyhlidka.cz\/?page_id=29043","title":{"rendered":"Pololet\u00ed \u0161koln\u00edho roku 2021\/2022, jarn\u00ed pr\u00e1zdniny"},"content":{"rendered":"\n<p>Ukon\u010den\u00ed 1. pololet\u00ed \u0161koln\u00edho roku 2021\/2022 je <strong>pond\u011bl\u00ed 31.1.2022<\/strong>\u00a0&#8211; \u017e\u00e1k\u016fm bude p\u0159ed\u00e1n v\u00fdpis vysv\u011bd\u010den\u00ed. V\u00fduka v tento den prob\u00edh\u00e1 dle rozvrhu.<\/p>\n\n\n\n<p>Pololetn\u00ed pr\u00e1zdniny &#8211;\u00a0 <strong>p\u00e1tek 4.2.2022<\/strong><\/p>\n\n\n\n<p>Jarn\u00ed pr\u00e1zdniny jsou v\u00a0term\u00ednu <strong>7.2. \u2013 11.2.2022<\/strong> &#8211; n\u00e1stup do \u0161koly v\u00a0<strong>pond\u011bl\u00ed 14.2.2022<\/strong>.<\/p>\n","protected":false},"excerpt":{"rendered":"<p>Ukon\u010den\u00ed 1. pololet\u00ed \u0161koln\u00edho roku 2021\/2022 je pond\u011bl\u00ed 31.1.2022\u00a0&#8211; \u017e\u00e1k\u016fm bude p\u0159ed\u00e1n v\u00fdpis vysv\u011bd\u010den\u00ed. V\u00fduka v tento den prob\u00edh\u00e1 dle rozvrhu. Pololetn\u00ed pr\u00e1zdniny &#8211;\u00a0 p\u00e1tek 4.2.2022 Jarn\u00ed pr\u00e1zdniny jsou v\u00a0term\u00ednu 7.2. \u2013 11.2.2022 &#8211; n\u00e1stup do \u0161koly v\u00a0pond\u011bl\u00ed 14.2.2022.<\/p>\n","protected":false},"author":4,"featured_media":0,"parent":0,"menu_order":0,"comment_status":"closed","ping_status":"closed","template":"","meta":[],"_links":{"self":[{"href":"https:\/\/www.zsvyhlidka.cz\/index.php?rest_route=\/wp\/v2\/pages\/29043"}],"collection":[{"href":"https:\/\/www.zsvyhlidka.cz\/index.php?rest_route=\/wp\/v2\/pages"}],"about":[{"href":"https:\/\/www.zsvyhlidka.cz\/index.php?rest_route=\/wp\/v2\/types\/page"}],"author":[{"embeddable":true,"href":"https:\/\/www.zsvyhlidka.cz\/index.php?rest_route=\/wp\/v2\/users\/4"}],"replies":[{"embeddable":true,"href":"https:\/\/www.zsvyhlidka.cz\/index.php?rest_route=%2Fwp%2Fv2%2Fcomments&post=29043"}],"version-history":[{"count":1,"href":"https:\/\/www.zsvyhlidka.cz\/index.php?rest_route=\/wp\/v2\/pages\/29043\/revisions"}],"predecessor-version":[{"id":29044,"href":"https:\/\/www.zsvyhlidka.cz\/index.php?rest_route=\/wp\/v2\/pages\/29043\/revisions\/29044"}],"wp:attachment":[{"href":"https:\/\/www.zsvyhlidka.cz\/index.php?rest_route=%2Fwp%2Fv2%2Fmedia&parent=29043"}],"curies":[{"name":"wp","href":"https:\/\/api.w.org\/{rel}","templated":true}]}}