{"id":29257,"date":"2022-03-07T14:57:05","date_gmt":"2022-03-07T13:57:05","guid":{"rendered":"http:\/\/www.zsvyhlidka.cz\/?page_id=29257"},"modified":"2025-03-03T10:59:51","modified_gmt":"2025-03-03T09:59:51","slug":"vyrocni-zpravy-o-cinnosti-v-oblasti-poskytovani-informaci-podle-zakona-c-106-1999sb","status":"publish","type":"page","link":"https:\/\/www.zsvyhlidka.cz\/?page_id=29257","title":{"rendered":"V\u00fdro\u010dn\u00ed zpr\u00e1vy o \u010dinnosti v oblasti poskytov\u00e1n\u00ed informac\u00ed podle z\u00e1kona \u010d 106\/1999Sb"},"content":{"rendered":"\n<p>V\u00fdro\u010dn\u00ed zpr\u00e1vy:<\/p>\n\n\n\n<ul><li><a href=\"http:\/\/www.zsvyhlidka.cz\/wp-content\/uploads\/2025\/03\/VZ-informace-2024-1.pdf\">rok 2024<\/a><\/li><li><a href=\"http:\/\/www.zsvyhlidka.cz\/wp-content\/uploads\/2024\/02\/VZ-informace-2023.pdf\">rok 2023<\/a><\/li><li><a href=\"http:\/\/www.zsvyhlidka.cz\/wp-content\/uploads\/2023\/03\/VZ-informace-2022.pdf\">rok 2022<\/a><\/li><li><a href=\"http:\/\/www.zsvyhlidka.cz\/wp-content\/uploads\/2022\/06\/VZ_informace_2021.pdf\">rok 2021<\/a><\/li><li><a href=\"http:\/\/www.zsvyhlidka.cz\/wp-content\/uploads\/2022\/06\/VZ_informace_2020.pdf\">rok 2020<\/a><\/li><li><a href=\"http:\/\/www.zsvyhlidka.cz\/wp-content\/uploads\/2022\/06\/VZ_informace_2019.pdf\">rok 2019<\/a><\/li><\/ul>\n\n\n\n<p><\/p>\n","protected":false},"excerpt":{"rendered":"<p>V\u00fdro\u010dn\u00ed zpr\u00e1vy: rok 2024 rok 2023 rok 2022 rok 2021 rok 2020 rok 2019<\/p>\n","protected":false},"author":4,"featured_media":0,"parent":0,"menu_order":0,"comment_status":"closed","ping_status":"closed","template":"","meta":[],"_links":{"self":[{"href":"https:\/\/www.zsvyhlidka.cz\/index.php?rest_route=\/wp\/v2\/pages\/29257"}],"collection":[{"href":"https:\/\/www.zsvyhlidka.cz\/index.php?rest_route=\/wp\/v2\/pages"}],"about":[{"href":"https:\/\/www.zsvyhlidka.cz\/index.php?rest_route=\/wp\/v2\/types\/page"}],"author":[{"embeddable":true,"href":"https:\/\/www.zsvyhlidka.cz\/index.php?rest_route=\/wp\/v2\/users\/4"}],"replies":[{"embeddable":true,"href":"https:\/\/www.zsvyhlidka.cz\/index.php?rest_route=%2Fwp%2Fv2%2Fcomments&post=29257"}],"version-history":[{"count":19,"href":"https:\/\/www.zsvyhlidka.cz\/index.php?rest_route=\/wp\/v2\/pages\/29257\/revisions"}],"predecessor-version":[{"id":34315,"href":"https:\/\/www.zsvyhlidka.cz\/index.php?rest_route=\/wp\/v2\/pages\/29257\/revisions\/34315"}],"wp:attachment":[{"href":"https:\/\/www.zsvyhlidka.cz\/index.php?rest_route=%2Fwp%2Fv2%2Fmedia&parent=29257"}],"curies":[{"name":"wp","href":"https:\/\/api.w.org\/{rel}","templated":true}]}}