{"id":29488,"date":"2022-04-07T15:39:51","date_gmt":"2022-04-07T13:39:51","guid":{"rendered":"http:\/\/www.zsvyhlidka.cz\/?page_id=29488"},"modified":"2022-04-07T15:39:51","modified_gmt":"2022-04-07T13:39:51","slug":"karneval-ve-skolni-druzine","status":"publish","type":"page","link":"https:\/\/www.zsvyhlidka.cz\/?page_id=29488","title":{"rendered":"Karneval ve \u0161koln\u00ed dru\u017ein\u011b"},"content":{"rendered":"\n<p>Ve st\u0159edu 9. b\u0159ezna na\u0161i \u0161koln\u00ed dru\u017einu ovl\u00e1dly kost\u00fdmy v\u0161eho druhu. M\u011bli jsme mo\u017enost shl\u00e9dnout r\u016fzn\u00e9 princezny, filmov\u00e9 hrdiny, loupe\u017en\u00edka Karabu, policistku, kostlivce, egyptskou bohyni a jin\u00e9\u2026<\/p>\n\n\n\n<p>Karnevalov\u00e9 odpoledne bylo pln\u00e9 her a z\u00e1bavy. \u00davodem za\u010dala d\u011btmi obl\u00edben\u00e1 p\u00edse\u0148 od Maxim Turbulenc: Jede, jede ma\u0161inka. Ta navodila tu spr\u00e1vnou karnevalovou atmosf\u00e9ru. Po skon\u010den\u00ed p\u00edsni\u010dky se hledaly zn\u00e1m\u00e9 dvojice poh\u00e1dkov\u00fdch postav, kter\u00e9 vytvo\u0159ily p\u00e1ry pro dal\u0161\u00ed z\u00e1bavn\u00e9 aktivity, o kter\u00e9 po cel\u00e9 odpoledne nebyla nouze.<\/p>\n\n\n\n<p>D\u00edky aktivn\u00ed pomoci \u017e\u00e1k\u016f z&nbsp;\u017e\u00e1kovsk\u00e9ho parlamentu bylo mo\u017en\u00e9 p\u0159ipravit i odpo\u010dinkovou z\u00f3nu. Zde d\u011bti mohly naj\u00edt chv\u00edli odpo\u010dinku na p\u0159ipraven\u00fdch \u017e\u00edn\u011bnk\u00e1ch, ale tak\u00e9 aktivity r\u016fzn\u00e9ho druhu jako nap\u0159.: velk\u00e9 \u010clov\u011b\u010de nezlob se!, Ku\u017eelky, omalov\u00e1nky a jin\u00e9\u2026<\/p>\n\n\n\n<p>Odpoledne se vyda\u0159ilo a d\u011bti si ho n\u00e1le\u017eit\u011b u\u017eili. Tak\u00e9 bychom r\u00e1dy je\u0161t\u011b jednou pod\u011bkovaly v\u0161em z\u00fa\u010dastn\u011bn\u00fdm \u017e\u00e1k\u016fm, panu vr\u00e1tn\u00e9mu Mirkovi, kter\u00fd se ujal role moder\u00e1tora. Panu \u0161koln\u00edkovi, kter\u00fd se postaral o ve\u0161ker\u00e9 hudebn\u00ed ozvu\u010den\u00ed.<\/p>\n\n\n\n<p>D\u011bkujeme za pomoc v\u0161em z\u00fa\u010dastn\u011bn\u00fdm.<\/p>\n\n\n\n<p>Veronika Va\u0161\u00ed\u010dkov\u00e1 a Romana Kacht\u00edkov\u00e1 \u2013 vychovatelky \u0161koln\u00ed dru\u017einy<\/p>\n\n\n\n<p><\/p>\n\n\n\n<figure class=\"wp-container-2 wp-block-gallery-1 wp-block-gallery columns-3 is-cropped\"><ul class=\"blocks-gallery-grid\"><li class=\"blocks-gallery-item\"><figure><a href=\"https:\/\/www.zsvyhlidka.cz\/wp-content\/uploads\/2022\/04\/275155319_1562025330839956_7694341678573066398_n.jpg\"><img loading=\"lazy\" width=\"1024\" height=\"768\" src=\"https:\/\/www.zsvyhlidka.cz\/wp-content\/uploads\/2022\/04\/275155319_1562025330839956_7694341678573066398_n-1024x768.jpg\" alt=\"\" data-id=\"29489\" data-full-url=\"https:\/\/www.zsvyhlidka.cz\/wp-content\/uploads\/2022\/04\/275155319_1562025330839956_7694341678573066398_n.jpg\" data-link=\"https:\/\/www.zsvyhlidka.cz\/?attachment_id=29489\" class=\"wp-image-29489\" srcset=\"https:\/\/www.zsvyhlidka.cz\/wp-content\/uploads\/2022\/04\/275155319_1562025330839956_7694341678573066398_n-1024x768.jpg 1024w, https:\/\/www.zsvyhlidka.cz\/wp-content\/uploads\/2022\/04\/275155319_1562025330839956_7694341678573066398_n-300x225.jpg 300w, https:\/\/www.zsvyhlidka.cz\/wp-content\/uploads\/2022\/04\/275155319_1562025330839956_7694341678573066398_n-768x576.jpg 768w, https:\/\/www.zsvyhlidka.cz\/wp-content\/uploads\/2022\/04\/275155319_1562025330839956_7694341678573066398_n-360x270.jpg 360w, https:\/\/www.zsvyhlidka.cz\/wp-content\/uploads\/2022\/04\/275155319_1562025330839956_7694341678573066398_n.jpg 1063w\" sizes=\"(max-width: 1024px) 100vw, 1024px\" \/><\/a><\/figure><\/li><li class=\"blocks-gallery-item\"><figure><a href=\"https:\/\/www.zsvyhlidka.cz\/wp-content\/uploads\/2022\/04\/275164608_1591725957870693_2928874449559608534_n.jpg\"><img loading=\"lazy\" width=\"1024\" height=\"768\" src=\"https:\/\/www.zsvyhlidka.cz\/wp-content\/uploads\/2022\/04\/275164608_1591725957870693_2928874449559608534_n-1024x768.jpg\" alt=\"\" data-id=\"29490\" data-full-url=\"https:\/\/www.zsvyhlidka.cz\/wp-content\/uploads\/2022\/04\/275164608_1591725957870693_2928874449559608534_n.jpg\" data-link=\"https:\/\/www.zsvyhlidka.cz\/?attachment_id=29490\" class=\"wp-image-29490\" srcset=\"https:\/\/www.zsvyhlidka.cz\/wp-content\/uploads\/2022\/04\/275164608_1591725957870693_2928874449559608534_n-1024x768.jpg 1024w, https:\/\/www.zsvyhlidka.cz\/wp-content\/uploads\/2022\/04\/275164608_1591725957870693_2928874449559608534_n-300x225.jpg 300w, https:\/\/www.zsvyhlidka.cz\/wp-content\/uploads\/2022\/04\/275164608_1591725957870693_2928874449559608534_n-768x576.jpg 768w, https:\/\/www.zsvyhlidka.cz\/wp-content\/uploads\/2022\/04\/275164608_1591725957870693_2928874449559608534_n-360x270.jpg 360w, https:\/\/www.zsvyhlidka.cz\/wp-content\/uploads\/2022\/04\/275164608_1591725957870693_2928874449559608534_n.jpg 1063w\" sizes=\"(max-width: 1024px) 100vw, 1024px\" \/><\/a><\/figure><\/li><li class=\"blocks-gallery-item\"><figure><a href=\"https:\/\/www.zsvyhlidka.cz\/wp-content\/uploads\/2022\/04\/275211964_691454368963762_3988366687479959803_n.jpg\"><img loading=\"lazy\" width=\"1024\" height=\"768\" src=\"https:\/\/www.zsvyhlidka.cz\/wp-content\/uploads\/2022\/04\/275211964_691454368963762_3988366687479959803_n-1024x768.jpg\" alt=\"\" data-id=\"29491\" data-full-url=\"https:\/\/www.zsvyhlidka.cz\/wp-content\/uploads\/2022\/04\/275211964_691454368963762_3988366687479959803_n.jpg\" data-link=\"https:\/\/www.zsvyhlidka.cz\/?attachment_id=29491\" class=\"wp-image-29491\" srcset=\"https:\/\/www.zsvyhlidka.cz\/wp-content\/uploads\/2022\/04\/275211964_691454368963762_3988366687479959803_n-1024x768.jpg 1024w, https:\/\/www.zsvyhlidka.cz\/wp-content\/uploads\/2022\/04\/275211964_691454368963762_3988366687479959803_n-300x225.jpg 300w, https:\/\/www.zsvyhlidka.cz\/wp-content\/uploads\/2022\/04\/275211964_691454368963762_3988366687479959803_n-768x576.jpg 768w, https:\/\/www.zsvyhlidka.cz\/wp-content\/uploads\/2022\/04\/275211964_691454368963762_3988366687479959803_n-360x270.jpg 360w, https:\/\/www.zsvyhlidka.cz\/wp-content\/uploads\/2022\/04\/275211964_691454368963762_3988366687479959803_n.jpg 1063w\" sizes=\"(max-width: 1024px) 100vw, 1024px\" \/><\/a><\/figure><\/li><li class=\"blocks-gallery-item\"><figure><a href=\"https:\/\/www.zsvyhlidka.cz\/wp-content\/uploads\/2022\/04\/275261049_629907264761234_3875965840489126682_n.jpg\"><img loading=\"lazy\" width=\"768\" height=\"1024\" src=\"https:\/\/www.zsvyhlidka.cz\/wp-content\/uploads\/2022\/04\/275261049_629907264761234_3875965840489126682_n-768x1024.jpg\" alt=\"\" data-id=\"29492\" data-full-url=\"https:\/\/www.zsvyhlidka.cz\/wp-content\/uploads\/2022\/04\/275261049_629907264761234_3875965840489126682_n.jpg\" data-link=\"https:\/\/www.zsvyhlidka.cz\/?attachment_id=29492\" class=\"wp-image-29492\" srcset=\"https:\/\/www.zsvyhlidka.cz\/wp-content\/uploads\/2022\/04\/275261049_629907264761234_3875965840489126682_n-768x1024.jpg 768w, https:\/\/www.zsvyhlidka.cz\/wp-content\/uploads\/2022\/04\/275261049_629907264761234_3875965840489126682_n-225x300.jpg 225w, https:\/\/www.zsvyhlidka.cz\/wp-content\/uploads\/2022\/04\/275261049_629907264761234_3875965840489126682_n-202x270.jpg 202w, https:\/\/www.zsvyhlidka.cz\/wp-content\/uploads\/2022\/04\/275261049_629907264761234_3875965840489126682_n.jpg 797w\" sizes=\"(max-width: 768px) 100vw, 768px\" \/><\/a><\/figure><\/li><li class=\"blocks-gallery-item\"><figure><a href=\"https:\/\/www.zsvyhlidka.cz\/wp-content\/uploads\/2022\/04\/275285817_334253292065285_3091482830609778978_n.jpg\"><img loading=\"lazy\" width=\"1024\" height=\"768\" src=\"https:\/\/www.zsvyhlidka.cz\/wp-content\/uploads\/2022\/04\/275285817_334253292065285_3091482830609778978_n-1024x768.jpg\" alt=\"\" data-id=\"29493\" data-full-url=\"https:\/\/www.zsvyhlidka.cz\/wp-content\/uploads\/2022\/04\/275285817_334253292065285_3091482830609778978_n.jpg\" data-link=\"https:\/\/www.zsvyhlidka.cz\/?attachment_id=29493\" class=\"wp-image-29493\" srcset=\"https:\/\/www.zsvyhlidka.cz\/wp-content\/uploads\/2022\/04\/275285817_334253292065285_3091482830609778978_n-1024x768.jpg 1024w, https:\/\/www.zsvyhlidka.cz\/wp-content\/uploads\/2022\/04\/275285817_334253292065285_3091482830609778978_n-300x225.jpg 300w, https:\/\/www.zsvyhlidka.cz\/wp-content\/uploads\/2022\/04\/275285817_334253292065285_3091482830609778978_n-768x576.jpg 768w, https:\/\/www.zsvyhlidka.cz\/wp-content\/uploads\/2022\/04\/275285817_334253292065285_3091482830609778978_n-360x270.jpg 360w, https:\/\/www.zsvyhlidka.cz\/wp-content\/uploads\/2022\/04\/275285817_334253292065285_3091482830609778978_n.jpg 1063w\" sizes=\"(max-width: 1024px) 100vw, 1024px\" \/><\/a><\/figure><\/li><li class=\"blocks-gallery-item\"><figure><a href=\"https:\/\/www.zsvyhlidka.cz\/wp-content\/uploads\/2022\/04\/275386092_388111765982992_3748560069783632345_n.jpg\"><img loading=\"lazy\" width=\"1024\" height=\"768\" src=\"https:\/\/www.zsvyhlidka.cz\/wp-content\/uploads\/2022\/04\/275386092_388111765982992_3748560069783632345_n-1024x768.jpg\" alt=\"\" data-id=\"29494\" data-full-url=\"https:\/\/www.zsvyhlidka.cz\/wp-content\/uploads\/2022\/04\/275386092_388111765982992_3748560069783632345_n.jpg\" data-link=\"https:\/\/www.zsvyhlidka.cz\/?attachment_id=29494\" class=\"wp-image-29494\" srcset=\"https:\/\/www.zsvyhlidka.cz\/wp-content\/uploads\/2022\/04\/275386092_388111765982992_3748560069783632345_n-1024x768.jpg 1024w, https:\/\/www.zsvyhlidka.cz\/wp-content\/uploads\/2022\/04\/275386092_388111765982992_3748560069783632345_n-300x225.jpg 300w, https:\/\/www.zsvyhlidka.cz\/wp-content\/uploads\/2022\/04\/275386092_388111765982992_3748560069783632345_n-768x576.jpg 768w, https:\/\/www.zsvyhlidka.cz\/wp-content\/uploads\/2022\/04\/275386092_388111765982992_3748560069783632345_n-360x270.jpg 360w, https:\/\/www.zsvyhlidka.cz\/wp-content\/uploads\/2022\/04\/275386092_388111765982992_3748560069783632345_n.jpg 1063w\" sizes=\"(max-width: 1024px) 100vw, 1024px\" \/><\/a><\/figure><\/li><li class=\"blocks-gallery-item\"><figure><a href=\"https:\/\/www.zsvyhlidka.cz\/wp-content\/uploads\/2022\/04\/d-084.jpg\"><img loading=\"lazy\" width=\"1024\" height=\"768\" src=\"https:\/\/www.zsvyhlidka.cz\/wp-content\/uploads\/2022\/04\/d-084-1024x768.jpg\" alt=\"\" data-id=\"29495\" data-full-url=\"https:\/\/www.zsvyhlidka.cz\/wp-content\/uploads\/2022\/04\/d-084.jpg\" data-link=\"https:\/\/www.zsvyhlidka.cz\/?attachment_id=29495\" class=\"wp-image-29495\" srcset=\"https:\/\/www.zsvyhlidka.cz\/wp-content\/uploads\/2022\/04\/d-084-1024x768.jpg 1024w, https:\/\/www.zsvyhlidka.cz\/wp-content\/uploads\/2022\/04\/d-084-300x225.jpg 300w, https:\/\/www.zsvyhlidka.cz\/wp-content\/uploads\/2022\/04\/d-084-768x576.jpg 768w, https:\/\/www.zsvyhlidka.cz\/wp-content\/uploads\/2022\/04\/d-084-360x270.jpg 360w, https:\/\/www.zsvyhlidka.cz\/wp-content\/uploads\/2022\/04\/d-084.jpg 1063w\" sizes=\"(max-width: 1024px) 100vw, 1024px\" \/><\/a><\/figure><\/li><li class=\"blocks-gallery-item\"><figure><a href=\"https:\/\/www.zsvyhlidka.cz\/wp-content\/uploads\/2022\/04\/d-088.jpg\"><img loading=\"lazy\" width=\"1024\" height=\"768\" src=\"https:\/\/www.zsvyhlidka.cz\/wp-content\/uploads\/2022\/04\/d-088-1024x768.jpg\" alt=\"\" data-id=\"29496\" data-full-url=\"https:\/\/www.zsvyhlidka.cz\/wp-content\/uploads\/2022\/04\/d-088.jpg\" data-link=\"https:\/\/www.zsvyhlidka.cz\/?attachment_id=29496\" class=\"wp-image-29496\" srcset=\"https:\/\/www.zsvyhlidka.cz\/wp-content\/uploads\/2022\/04\/d-088-1024x768.jpg 1024w, https:\/\/www.zsvyhlidka.cz\/wp-content\/uploads\/2022\/04\/d-088-300x225.jpg 300w, https:\/\/www.zsvyhlidka.cz\/wp-content\/uploads\/2022\/04\/d-088-768x576.jpg 768w, https:\/\/www.zsvyhlidka.cz\/wp-content\/uploads\/2022\/04\/d-088-360x270.jpg 360w, https:\/\/www.zsvyhlidka.cz\/wp-content\/uploads\/2022\/04\/d-088.jpg 1063w\" sizes=\"(max-width: 1024px) 100vw, 1024px\" \/><\/a><\/figure><\/li><li class=\"blocks-gallery-item\"><figure><a href=\"https:\/\/www.zsvyhlidka.cz\/wp-content\/uploads\/2022\/04\/d-099.jpg\"><img loading=\"lazy\" width=\"1024\" height=\"768\" src=\"https:\/\/www.zsvyhlidka.cz\/wp-content\/uploads\/2022\/04\/d-099-1024x768.jpg\" alt=\"\" data-id=\"29497\" data-full-url=\"https:\/\/www.zsvyhlidka.cz\/wp-content\/uploads\/2022\/04\/d-099.jpg\" data-link=\"https:\/\/www.zsvyhlidka.cz\/?attachment_id=29497\" class=\"wp-image-29497\" srcset=\"https:\/\/www.zsvyhlidka.cz\/wp-content\/uploads\/2022\/04\/d-099-1024x768.jpg 1024w, https:\/\/www.zsvyhlidka.cz\/wp-content\/uploads\/2022\/04\/d-099-300x225.jpg 300w, https:\/\/www.zsvyhlidka.cz\/wp-content\/uploads\/2022\/04\/d-099-768x576.jpg 768w, https:\/\/www.zsvyhlidka.cz\/wp-content\/uploads\/2022\/04\/d-099-360x270.jpg 360w, https:\/\/www.zsvyhlidka.cz\/wp-content\/uploads\/2022\/04\/d-099.jpg 1063w\" sizes=\"(max-width: 1024px) 100vw, 1024px\" \/><\/a><\/figure><\/li><li class=\"blocks-gallery-item\"><figure><a href=\"https:\/\/www.zsvyhlidka.cz\/wp-content\/uploads\/2022\/04\/d-107.jpg\"><img loading=\"lazy\" width=\"1024\" height=\"768\" src=\"https:\/\/www.zsvyhlidka.cz\/wp-content\/uploads\/2022\/04\/d-107-1024x768.jpg\" alt=\"\" data-id=\"29498\" data-full-url=\"https:\/\/www.zsvyhlidka.cz\/wp-content\/uploads\/2022\/04\/d-107.jpg\" data-link=\"https:\/\/www.zsvyhlidka.cz\/?attachment_id=29498\" class=\"wp-image-29498\" srcset=\"https:\/\/www.zsvyhlidka.cz\/wp-content\/uploads\/2022\/04\/d-107-1024x768.jpg 1024w, https:\/\/www.zsvyhlidka.cz\/wp-content\/uploads\/2022\/04\/d-107-300x225.jpg 300w, https:\/\/www.zsvyhlidka.cz\/wp-content\/uploads\/2022\/04\/d-107-768x576.jpg 768w, https:\/\/www.zsvyhlidka.cz\/wp-content\/uploads\/2022\/04\/d-107-360x270.jpg 360w, https:\/\/www.zsvyhlidka.cz\/wp-content\/uploads\/2022\/04\/d-107.jpg 1063w\" sizes=\"(max-width: 1024px) 100vw, 1024px\" \/><\/a><\/figure><\/li><li class=\"blocks-gallery-item\"><figure><a href=\"https:\/\/www.zsvyhlidka.cz\/wp-content\/uploads\/2022\/04\/d-108.jpg\"><img loading=\"lazy\" width=\"1024\" height=\"768\" src=\"https:\/\/www.zsvyhlidka.cz\/wp-content\/uploads\/2022\/04\/d-108-1024x768.jpg\" alt=\"\" data-id=\"29499\" data-full-url=\"https:\/\/www.zsvyhlidka.cz\/wp-content\/uploads\/2022\/04\/d-108.jpg\" data-link=\"https:\/\/www.zsvyhlidka.cz\/?attachment_id=29499\" class=\"wp-image-29499\" srcset=\"https:\/\/www.zsvyhlidka.cz\/wp-content\/uploads\/2022\/04\/d-108-1024x768.jpg 1024w, https:\/\/www.zsvyhlidka.cz\/wp-content\/uploads\/2022\/04\/d-108-300x225.jpg 300w, https:\/\/www.zsvyhlidka.cz\/wp-content\/uploads\/2022\/04\/d-108-768x576.jpg 768w, https:\/\/www.zsvyhlidka.cz\/wp-content\/uploads\/2022\/04\/d-108-360x270.jpg 360w, https:\/\/www.zsvyhlidka.cz\/wp-content\/uploads\/2022\/04\/d-108.jpg 1063w\" sizes=\"(max-width: 1024px) 100vw, 1024px\" \/><\/a><\/figure><\/li><li class=\"blocks-gallery-item\"><figure><a href=\"https:\/\/www.zsvyhlidka.cz\/wp-content\/uploads\/2022\/04\/d-111.jpg\"><img loading=\"lazy\" width=\"1024\" height=\"768\" src=\"https:\/\/www.zsvyhlidka.cz\/wp-content\/uploads\/2022\/04\/d-111-1024x768.jpg\" alt=\"\" data-id=\"29500\" data-full-url=\"https:\/\/www.zsvyhlidka.cz\/wp-content\/uploads\/2022\/04\/d-111.jpg\" data-link=\"https:\/\/www.zsvyhlidka.cz\/?attachment_id=29500\" class=\"wp-image-29500\" srcset=\"https:\/\/www.zsvyhlidka.cz\/wp-content\/uploads\/2022\/04\/d-111-1024x768.jpg 1024w, https:\/\/www.zsvyhlidka.cz\/wp-content\/uploads\/2022\/04\/d-111-300x225.jpg 300w, https:\/\/www.zsvyhlidka.cz\/wp-content\/uploads\/2022\/04\/d-111-768x576.jpg 768w, https:\/\/www.zsvyhlidka.cz\/wp-content\/uploads\/2022\/04\/d-111-360x270.jpg 360w, https:\/\/www.zsvyhlidka.cz\/wp-content\/uploads\/2022\/04\/d-111.jpg 1063w\" sizes=\"(max-width: 1024px) 100vw, 1024px\" \/><\/a><\/figure><\/li><li class=\"blocks-gallery-item\"><figure><a href=\"https:\/\/www.zsvyhlidka.cz\/wp-content\/uploads\/2022\/04\/d-122.jpg\"><img loading=\"lazy\" width=\"1024\" height=\"768\" src=\"https:\/\/www.zsvyhlidka.cz\/wp-content\/uploads\/2022\/04\/d-122-1024x768.jpg\" alt=\"\" data-id=\"29501\" data-full-url=\"https:\/\/www.zsvyhlidka.cz\/wp-content\/uploads\/2022\/04\/d-122.jpg\" data-link=\"https:\/\/www.zsvyhlidka.cz\/?attachment_id=29501\" class=\"wp-image-29501\" srcset=\"https:\/\/www.zsvyhlidka.cz\/wp-content\/uploads\/2022\/04\/d-122-1024x768.jpg 1024w, https:\/\/www.zsvyhlidka.cz\/wp-content\/uploads\/2022\/04\/d-122-300x225.jpg 300w, https:\/\/www.zsvyhlidka.cz\/wp-content\/uploads\/2022\/04\/d-122-768x576.jpg 768w, https:\/\/www.zsvyhlidka.cz\/wp-content\/uploads\/2022\/04\/d-122-360x270.jpg 360w, https:\/\/www.zsvyhlidka.cz\/wp-content\/uploads\/2022\/04\/d-122.jpg 1063w\" sizes=\"(max-width: 1024px) 100vw, 1024px\" \/><\/a><\/figure><\/li><li class=\"blocks-gallery-item\"><figure><a href=\"https:\/\/www.zsvyhlidka.cz\/wp-content\/uploads\/2022\/04\/d-129.jpg\"><img loading=\"lazy\" width=\"1024\" height=\"768\" src=\"https:\/\/www.zsvyhlidka.cz\/wp-content\/uploads\/2022\/04\/d-129-1024x768.jpg\" alt=\"\" data-id=\"29502\" data-full-url=\"https:\/\/www.zsvyhlidka.cz\/wp-content\/uploads\/2022\/04\/d-129.jpg\" data-link=\"https:\/\/www.zsvyhlidka.cz\/?attachment_id=29502\" class=\"wp-image-29502\" srcset=\"https:\/\/www.zsvyhlidka.cz\/wp-content\/uploads\/2022\/04\/d-129-1024x768.jpg 1024w, https:\/\/www.zsvyhlidka.cz\/wp-content\/uploads\/2022\/04\/d-129-300x225.jpg 300w, https:\/\/www.zsvyhlidka.cz\/wp-content\/uploads\/2022\/04\/d-129-768x576.jpg 768w, https:\/\/www.zsvyhlidka.cz\/wp-content\/uploads\/2022\/04\/d-129-360x270.jpg 360w, https:\/\/www.zsvyhlidka.cz\/wp-content\/uploads\/2022\/04\/d-129.jpg 1063w\" sizes=\"(max-width: 1024px) 100vw, 1024px\" \/><\/a><\/figure><\/li><li class=\"blocks-gallery-item\"><figure><a href=\"https:\/\/www.zsvyhlidka.cz\/wp-content\/uploads\/2022\/04\/IMG_20220301_131117.jpg\"><img loading=\"lazy\" width=\"769\" height=\"1024\" src=\"https:\/\/www.zsvyhlidka.cz\/wp-content\/uploads\/2022\/04\/IMG_20220301_131117-769x1024.jpg\" alt=\"\" data-id=\"29503\" data-full-url=\"https:\/\/www.zsvyhlidka.cz\/wp-content\/uploads\/2022\/04\/IMG_20220301_131117.jpg\" data-link=\"https:\/\/www.zsvyhlidka.cz\/?attachment_id=29503\" class=\"wp-image-29503\" srcset=\"https:\/\/www.zsvyhlidka.cz\/wp-content\/uploads\/2022\/04\/IMG_20220301_131117-769x1024.jpg 769w, https:\/\/www.zsvyhlidka.cz\/wp-content\/uploads\/2022\/04\/IMG_20220301_131117-225x300.jpg 225w, https:\/\/www.zsvyhlidka.cz\/wp-content\/uploads\/2022\/04\/IMG_20220301_131117-768x1023.jpg 768w, https:\/\/www.zsvyhlidka.cz\/wp-content\/uploads\/2022\/04\/IMG_20220301_131117-203x270.jpg 203w, https:\/\/www.zsvyhlidka.cz\/wp-content\/uploads\/2022\/04\/IMG_20220301_131117.jpg 798w\" sizes=\"(max-width: 769px) 100vw, 769px\" \/><\/a><\/figure><\/li><\/ul><\/figure>\n","protected":false},"excerpt":{"rendered":"<p>Ve st\u0159edu 9. b\u0159ezna na\u0161i \u0161koln\u00ed dru\u017einu ovl\u00e1dly kost\u00fdmy v\u0161eho druhu. M\u011bli jsme mo\u017enost shl\u00e9dnout r\u016fzn\u00e9 princezny, filmov\u00e9 hrdiny, loupe\u017en\u00edka Karabu, policistku, kostlivce, egyptskou bohyni a jin\u00e9\u2026 Karnevalov\u00e9 odpoledne bylo pln\u00e9 her a z\u00e1bavy. \u00davodem za\u010dala d\u011btmi obl\u00edben\u00e1 p\u00edse\u0148 od <a href=\"https:\/\/www.zsvyhlidka.cz\/?page_id=29488\" class=\"read-more\">Zobrazit v\u00edce&#8230;<\/a><\/p>\n","protected":false},"author":4,"featured_media":0,"parent":0,"menu_order":0,"comment_status":"closed","ping_status":"closed","template":"","meta":[],"_links":{"self":[{"href":"https:\/\/www.zsvyhlidka.cz\/index.php?rest_route=\/wp\/v2\/pages\/29488"}],"collection":[{"href":"https:\/\/www.zsvyhlidka.cz\/index.php?rest_route=\/wp\/v2\/pages"}],"about":[{"href":"https:\/\/www.zsvyhlidka.cz\/index.php?rest_route=\/wp\/v2\/types\/page"}],"author":[{"embeddable":true,"href":"https:\/\/www.zsvyhlidka.cz\/index.php?rest_route=\/wp\/v2\/users\/4"}],"replies":[{"embeddable":true,"href":"https:\/\/www.zsvyhlidka.cz\/index.php?rest_route=%2Fwp%2Fv2%2Fcomments&post=29488"}],"version-history":[{"count":1,"href":"https:\/\/www.zsvyhlidka.cz\/index.php?rest_route=\/wp\/v2\/pages\/29488\/revisions"}],"predecessor-version":[{"id":29504,"href":"https:\/\/www.zsvyhlidka.cz\/index.php?rest_route=\/wp\/v2\/pages\/29488\/revisions\/29504"}],"wp:attachment":[{"href":"https:\/\/www.zsvyhlidka.cz\/index.php?rest_route=%2Fwp%2Fv2%2Fmedia&parent=29488"}],"curies":[{"name":"wp","href":"https:\/\/api.w.org\/{rel}","templated":true}]}}