{"id":29568,"date":"2022-04-12T10:00:52","date_gmt":"2022-04-12T08:00:52","guid":{"rendered":"http:\/\/www.zsvyhlidka.cz\/?page_id=29568"},"modified":"2022-04-12T10:00:53","modified_gmt":"2022-04-12T08:00:53","slug":"kviz-kralovny-kolobezky","status":"publish","type":"page","link":"https:\/\/www.zsvyhlidka.cz\/?page_id=29568","title":{"rendered":"Kv\u00edz Kr\u00e1lovny kolob\u011b\u017eky"},"content":{"rendered":"\n<p>Jak ji\u017e samotn\u00fd nadpis napov\u00edd\u00e1, d\u011bti ze \u0161koln\u00ed dru\u017einy Z\u0160 Vyhl\u00eddka se vydaly do m\u011bstsk\u00e9 knihovny ve Vala\u0161sk\u00e9m Mezi\u0159\u00ed\u010d\u00ed sout\u011b\u017eit o post Kr\u00e1lovny kolob\u011b\u017eky.<\/p>\n\n\n\n<p>Po p\u0159\u00edchodu do knihovny n\u00e1s p\u0159iv\u00edtala pan\u00ed knihovnice, kter\u00e1 d\u011bti zavedla do p\u0159\u00edjemn\u00e9 p\u0159ipraven\u00e9 \u010d\u00e1sti odd\u011blen\u00ed knihovny slou\u017e\u00edc\u00edho pro lektorsk\u00e9 programy. Zde do\u0161lo k&nbsp;rozd\u011blen\u00ed d\u011bt\u00ed do n\u011bkolika skupin, kter\u00e9 pak mezi sebou vz\u00e1jemn\u011b soupe\u0159ily. Pot\u00e9 jsme si poslechli poh\u00e1dku o znesv\u00e1\u0159en\u00fdch sousedech, chytr\u00e9 ryb\u00e1\u0159ov\u011b dce\u0159i Zdeni\u010dce a kr\u00e1li, kter\u00fd se nech\u00e1val jej\u00edmi kousky dob\u011bhnout. Jednalo se o zn\u00e1mou poh\u00e1dku Kr\u00e1lovna kolob\u011b\u017eka. Po ukon\u010den\u00ed poh\u00e1dky n\u00e1sledoval kv\u00edz, kter\u00fd byl slo\u017een z&nbsp;n\u011bkolika ot\u00e1zek nejen o t\u00e9to poh\u00e1dce. Za spr\u00e1vnou odpov\u011b\u010f jednotliv\u00e9 dru\u017estva z\u00edsk\u00e1vala body. Dru\u017estvo, kter\u00e9 nasb\u00edralo nejv\u00edce bod\u016f, z\u00edskalo diplom a tak\u00e9 sladkou odm\u011bnu.<\/p>\n\n\n\n<p>V&nbsp;dal\u0161\u00ed \u010d\u00e1sti \u017e\u00e1ci m\u011bli mo\u017enost si knihovnu prohl\u00e9dnout a pop\u0159\u00edpad\u011b vyp\u016fj\u010dit knihu. Program byl p\u011bkn\u011b p\u0159ipraven\u00fd a t\u00edmto bychom za kolektiv vychovatelek cht\u011bly pod\u011bkovat p. knihovnic\u00edm za p\u011bkn\u011b str\u00e1ven\u00e9 odpoledne.<\/p>\n\n\n\n<p>Za kolektiv vychovatelek Veronika Va\u0161\u00ed\u010dkov\u00e1<\/p>\n\n\n\n<p><\/p>\n\n\n\n<figure class=\"wp-container-2 wp-block-gallery-1 wp-block-gallery columns-3 is-cropped\"><ul class=\"blocks-gallery-grid\"><li class=\"blocks-gallery-item\"><figure><a href=\"https:\/\/www.zsvyhlidka.cz\/wp-content\/uploads\/2022\/04\/277834841_698009891446306_4202786378121750537_n.jpg\"><img loading=\"lazy\" width=\"1024\" height=\"769\" src=\"https:\/\/www.zsvyhlidka.cz\/wp-content\/uploads\/2022\/04\/277834841_698009891446306_4202786378121750537_n-1024x769.jpg\" alt=\"\" data-id=\"29569\" data-full-url=\"https:\/\/www.zsvyhlidka.cz\/wp-content\/uploads\/2022\/04\/277834841_698009891446306_4202786378121750537_n.jpg\" data-link=\"https:\/\/www.zsvyhlidka.cz\/?attachment_id=29569\" class=\"wp-image-29569\" srcset=\"https:\/\/www.zsvyhlidka.cz\/wp-content\/uploads\/2022\/04\/277834841_698009891446306_4202786378121750537_n-1024x769.jpg 1024w, https:\/\/www.zsvyhlidka.cz\/wp-content\/uploads\/2022\/04\/277834841_698009891446306_4202786378121750537_n-300x225.jpg 300w, https:\/\/www.zsvyhlidka.cz\/wp-content\/uploads\/2022\/04\/277834841_698009891446306_4202786378121750537_n-768x577.jpg 768w, https:\/\/www.zsvyhlidka.cz\/wp-content\/uploads\/2022\/04\/277834841_698009891446306_4202786378121750537_n-360x270.jpg 360w, https:\/\/www.zsvyhlidka.cz\/wp-content\/uploads\/2022\/04\/277834841_698009891446306_4202786378121750537_n.jpg 1063w\" sizes=\"(max-width: 1024px) 100vw, 1024px\" \/><\/a><\/figure><\/li><li class=\"blocks-gallery-item\"><figure><a href=\"https:\/\/www.zsvyhlidka.cz\/wp-content\/uploads\/2022\/04\/277853594_3117942095125170_6378460543417687221_n.jpg\"><img loading=\"lazy\" width=\"768\" height=\"1024\" src=\"https:\/\/www.zsvyhlidka.cz\/wp-content\/uploads\/2022\/04\/277853594_3117942095125170_6378460543417687221_n-768x1024.jpg\" alt=\"\" data-id=\"29570\" data-full-url=\"https:\/\/www.zsvyhlidka.cz\/wp-content\/uploads\/2022\/04\/277853594_3117942095125170_6378460543417687221_n.jpg\" data-link=\"https:\/\/www.zsvyhlidka.cz\/?attachment_id=29570\" class=\"wp-image-29570\" srcset=\"https:\/\/www.zsvyhlidka.cz\/wp-content\/uploads\/2022\/04\/277853594_3117942095125170_6378460543417687221_n-768x1024.jpg 768w, https:\/\/www.zsvyhlidka.cz\/wp-content\/uploads\/2022\/04\/277853594_3117942095125170_6378460543417687221_n-225x300.jpg 225w, https:\/\/www.zsvyhlidka.cz\/wp-content\/uploads\/2022\/04\/277853594_3117942095125170_6378460543417687221_n-202x270.jpg 202w, https:\/\/www.zsvyhlidka.cz\/wp-content\/uploads\/2022\/04\/277853594_3117942095125170_6378460543417687221_n.jpg 797w\" sizes=\"(max-width: 768px) 100vw, 768px\" \/><\/a><\/figure><\/li><li class=\"blocks-gallery-item\"><figure><a href=\"https:\/\/www.zsvyhlidka.cz\/wp-content\/uploads\/2022\/04\/277929747_502069661402813_6976790768322002386_n.jpg\"><img loading=\"lazy\" width=\"768\" height=\"1024\" src=\"https:\/\/www.zsvyhlidka.cz\/wp-content\/uploads\/2022\/04\/277929747_502069661402813_6976790768322002386_n-768x1024.jpg\" alt=\"\" data-id=\"29571\" data-full-url=\"https:\/\/www.zsvyhlidka.cz\/wp-content\/uploads\/2022\/04\/277929747_502069661402813_6976790768322002386_n.jpg\" data-link=\"https:\/\/www.zsvyhlidka.cz\/?attachment_id=29571\" class=\"wp-image-29571\" srcset=\"https:\/\/www.zsvyhlidka.cz\/wp-content\/uploads\/2022\/04\/277929747_502069661402813_6976790768322002386_n-768x1024.jpg 768w, https:\/\/www.zsvyhlidka.cz\/wp-content\/uploads\/2022\/04\/277929747_502069661402813_6976790768322002386_n-225x300.jpg 225w, https:\/\/www.zsvyhlidka.cz\/wp-content\/uploads\/2022\/04\/277929747_502069661402813_6976790768322002386_n-202x270.jpg 202w, https:\/\/www.zsvyhlidka.cz\/wp-content\/uploads\/2022\/04\/277929747_502069661402813_6976790768322002386_n.jpg 797w\" sizes=\"(max-width: 768px) 100vw, 768px\" \/><\/a><\/figure><\/li><li class=\"blocks-gallery-item\"><figure><a href=\"https:\/\/www.zsvyhlidka.cz\/wp-content\/uploads\/2022\/04\/d-074.jpg\"><img loading=\"lazy\" width=\"1024\" height=\"769\" src=\"https:\/\/www.zsvyhlidka.cz\/wp-content\/uploads\/2022\/04\/d-074-1024x769.jpg\" alt=\"\" data-id=\"29572\" data-full-url=\"https:\/\/www.zsvyhlidka.cz\/wp-content\/uploads\/2022\/04\/d-074.jpg\" data-link=\"https:\/\/www.zsvyhlidka.cz\/?attachment_id=29572\" class=\"wp-image-29572\" srcset=\"https:\/\/www.zsvyhlidka.cz\/wp-content\/uploads\/2022\/04\/d-074-1024x769.jpg 1024w, https:\/\/www.zsvyhlidka.cz\/wp-content\/uploads\/2022\/04\/d-074-300x225.jpg 300w, https:\/\/www.zsvyhlidka.cz\/wp-content\/uploads\/2022\/04\/d-074-768x577.jpg 768w, https:\/\/www.zsvyhlidka.cz\/wp-content\/uploads\/2022\/04\/d-074-360x270.jpg 360w, https:\/\/www.zsvyhlidka.cz\/wp-content\/uploads\/2022\/04\/d-074.jpg 1063w\" sizes=\"(max-width: 1024px) 100vw, 1024px\" \/><\/a><\/figure><\/li><li class=\"blocks-gallery-item\"><figure><a href=\"blob:https:\/\/www.zsvyhlidka.cz\/82c6cb17-3a0d-4c9f-a4c5-8fb39eb85298\"><img src=\"blob:https:\/\/www.zsvyhlidka.cz\/82c6cb17-3a0d-4c9f-a4c5-8fb39eb85298\" data-id=\"\"\/><\/a><\/figure><\/li><\/ul><\/figure>\n","protected":false},"excerpt":{"rendered":"<p>Jak ji\u017e samotn\u00fd nadpis napov\u00edd\u00e1, d\u011bti ze \u0161koln\u00ed dru\u017einy Z\u0160 Vyhl\u00eddka se vydaly do m\u011bstsk\u00e9 knihovny ve Vala\u0161sk\u00e9m Mezi\u0159\u00ed\u010d\u00ed sout\u011b\u017eit o post Kr\u00e1lovny kolob\u011b\u017eky. Po p\u0159\u00edchodu do knihovny n\u00e1s p\u0159iv\u00edtala pan\u00ed knihovnice, kter\u00e1 d\u011bti zavedla do p\u0159\u00edjemn\u00e9 p\u0159ipraven\u00e9 \u010d\u00e1sti odd\u011blen\u00ed <a href=\"https:\/\/www.zsvyhlidka.cz\/?page_id=29568\" class=\"read-more\">Zobrazit v\u00edce&#8230;<\/a><\/p>\n","protected":false},"author":4,"featured_media":0,"parent":0,"menu_order":0,"comment_status":"closed","ping_status":"closed","template":"","meta":[],"_links":{"self":[{"href":"https:\/\/www.zsvyhlidka.cz\/index.php?rest_route=\/wp\/v2\/pages\/29568"}],"collection":[{"href":"https:\/\/www.zsvyhlidka.cz\/index.php?rest_route=\/wp\/v2\/pages"}],"about":[{"href":"https:\/\/www.zsvyhlidka.cz\/index.php?rest_route=\/wp\/v2\/types\/page"}],"author":[{"embeddable":true,"href":"https:\/\/www.zsvyhlidka.cz\/index.php?rest_route=\/wp\/v2\/users\/4"}],"replies":[{"embeddable":true,"href":"https:\/\/www.zsvyhlidka.cz\/index.php?rest_route=%2Fwp%2Fv2%2Fcomments&post=29568"}],"version-history":[{"count":1,"href":"https:\/\/www.zsvyhlidka.cz\/index.php?rest_route=\/wp\/v2\/pages\/29568\/revisions"}],"predecessor-version":[{"id":29574,"href":"https:\/\/www.zsvyhlidka.cz\/index.php?rest_route=\/wp\/v2\/pages\/29568\/revisions\/29574"}],"wp:attachment":[{"href":"https:\/\/www.zsvyhlidka.cz\/index.php?rest_route=%2Fwp%2Fv2%2Fmedia&parent=29568"}],"curies":[{"name":"wp","href":"https:\/\/api.w.org\/{rel}","templated":true}]}}