{"id":30641,"date":"2023-01-16T10:16:19","date_gmt":"2023-01-16T09:16:19","guid":{"rendered":"https:\/\/www.zsvyhlidka.cz\/?page_id=30641"},"modified":"2025-09-11T23:03:41","modified_gmt":"2025-09-11T21:03:41","slug":"skola-online","status":"publish","type":"page","link":"https:\/\/www.zsvyhlidka.cz\/?page_id=30641","title":{"rendered":"EDOOKIT &#8211; \u0161koln\u00ed informa\u010dn\u00ed syst\u00e9m"},"content":{"rendered":"\n<p><strong><a href=\"https:\/\/zsvyhlidka.edookit.net\/\">P\u0159ihl\u00e1\u0161en\u00ed pro rodi\u010de<\/a><\/strong><\/p>\n\n\n\n<p><a href=\"https:\/\/zsvyhlidka.edookit.net\/\"><strong>P\u0159ihl\u00e1\u0161en\u00ed pro \u017e\u00e1ky<\/strong><\/a><\/p>\n\n\n\n<p><a rel=\"noreferrer noopener\" href=\"https:\/\/zsvyhlidka-login.edookit.net\/\" target=\"_blank\"><strong>P\u0159ihl\u00e1\u0161en\u00ed pro u\u010ditele<\/strong><\/a><\/p>\n\n\n\n<p><\/p>\n\n\n\n<p><\/p>\n\n\n\n<p><a href=\"https:\/\/uuapp.plus4u.net\/uu-appbinarystore-maing02\/eb5f2c8c7a06433b9188316ea37cdb1d\/binary\/getData?accessKey=26026d5f243f021f5101abfced61f093.27436229.e8ba3031ea53faf1ae5c1e0238bbc08a166a3678&amp;clientAwid=3dfacaaad99f4fd3898c100f321b2fa8&amp;contentDisposition=inline&amp;dataKey=big_pridaniedookitunaplochuv12\">Instalace aplikace<\/a><\/p>\n\n\n\n<p><a href=\"https:\/\/edookit.com\/rodicovsky-portal\">Manu\u00e1l k rodi\u010dovsk\u00e9mu port\u00e1lu<\/a><\/p>\n\n\n\n<p><\/p>\n","protected":false},"excerpt":{"rendered":"<p>P\u0159ihl\u00e1\u0161en\u00ed pro rodi\u010de P\u0159ihl\u00e1\u0161en\u00ed pro \u017e\u00e1ky P\u0159ihl\u00e1\u0161en\u00ed pro u\u010ditele Instalace aplikace Manu\u00e1l k rodi\u010dovsk\u00e9mu port\u00e1lu<\/p>\n","protected":false},"author":2,"featured_media":0,"parent":0,"menu_order":0,"comment_status":"closed","ping_status":"closed","template":"","meta":[],"_links":{"self":[{"href":"https:\/\/www.zsvyhlidka.cz\/index.php?rest_route=\/wp\/v2\/pages\/30641"}],"collection":[{"href":"https:\/\/www.zsvyhlidka.cz\/index.php?rest_route=\/wp\/v2\/pages"}],"about":[{"href":"https:\/\/www.zsvyhlidka.cz\/index.php?rest_route=\/wp\/v2\/types\/page"}],"author":[{"embeddable":true,"href":"https:\/\/www.zsvyhlidka.cz\/index.php?rest_route=\/wp\/v2\/users\/2"}],"replies":[{"embeddable":true,"href":"https:\/\/www.zsvyhlidka.cz\/index.php?rest_route=%2Fwp%2Fv2%2Fcomments&post=30641"}],"version-history":[{"count":11,"href":"https:\/\/www.zsvyhlidka.cz\/index.php?rest_route=\/wp\/v2\/pages\/30641\/revisions"}],"predecessor-version":[{"id":35360,"href":"https:\/\/www.zsvyhlidka.cz\/index.php?rest_route=\/wp\/v2\/pages\/30641\/revisions\/35360"}],"wp:attachment":[{"href":"https:\/\/www.zsvyhlidka.cz\/index.php?rest_route=%2Fwp%2Fv2%2Fmedia&parent=30641"}],"curies":[{"name":"wp","href":"https:\/\/api.w.org\/{rel}","templated":true}]}}