{"id":31428,"date":"2023-08-29T08:20:15","date_gmt":"2023-08-29T06:20:15","guid":{"rendered":"https:\/\/www.zsvyhlidka.cz\/?page_id=31428"},"modified":"2023-08-29T08:20:15","modified_gmt":"2023-08-29T06:20:15","slug":"zahajeni-skolniho-roku-2023-2024","status":"publish","type":"page","link":"https:\/\/www.zsvyhlidka.cz\/?page_id=31428","title":{"rendered":"Zah\u00e1jen\u00ed \u0161koln\u00edho roku 2023\/2024"},"content":{"rendered":"\n<p>\u0160koln\u00ed rok bude zah\u00e1jen v pond\u011bl\u00ed 4. 9. 2023 v 8:00 hod. T\u011b\u0161\u00edme se na V\u00e1s.<\/p>\n","protected":false},"excerpt":{"rendered":"<p>\u0160koln\u00ed rok bude zah\u00e1jen v pond\u011bl\u00ed 4. 9. 2023 v 8:00 hod. T\u011b\u0161\u00edme se na V\u00e1s.<\/p>\n","protected":false},"author":2,"featured_media":0,"parent":27299,"menu_order":0,"comment_status":"closed","ping_status":"closed","template":"","meta":[],"_links":{"self":[{"href":"https:\/\/www.zsvyhlidka.cz\/index.php?rest_route=\/wp\/v2\/pages\/31428"}],"collection":[{"href":"https:\/\/www.zsvyhlidka.cz\/index.php?rest_route=\/wp\/v2\/pages"}],"about":[{"href":"https:\/\/www.zsvyhlidka.cz\/index.php?rest_route=\/wp\/v2\/types\/page"}],"author":[{"embeddable":true,"href":"https:\/\/www.zsvyhlidka.cz\/index.php?rest_route=\/wp\/v2\/users\/2"}],"replies":[{"embeddable":true,"href":"https:\/\/www.zsvyhlidka.cz\/index.php?rest_route=%2Fwp%2Fv2%2Fcomments&post=31428"}],"version-history":[{"count":1,"href":"https:\/\/www.zsvyhlidka.cz\/index.php?rest_route=\/wp\/v2\/pages\/31428\/revisions"}],"predecessor-version":[{"id":31439,"href":"https:\/\/www.zsvyhlidka.cz\/index.php?rest_route=\/wp\/v2\/pages\/31428\/revisions\/31439"}],"up":[{"embeddable":true,"href":"https:\/\/www.zsvyhlidka.cz\/index.php?rest_route=\/wp\/v2\/pages\/27299"}],"wp:attachment":[{"href":"https:\/\/www.zsvyhlidka.cz\/index.php?rest_route=%2Fwp%2Fv2%2Fmedia&parent=31428"}],"curies":[{"name":"wp","href":"https:\/\/api.w.org\/{rel}","templated":true}]}}