{"id":34297,"date":"2025-03-03T07:44:37","date_gmt":"2025-03-03T06:44:37","guid":{"rendered":"https:\/\/www.zsvyhlidka.cz\/?page_id=34297"},"modified":"2025-10-03T15:14:59","modified_gmt":"2025-10-03T13:14:59","slug":"zapisy-ze-schuzek","status":"publish","type":"page","link":"https:\/\/www.zsvyhlidka.cz\/?page_id=34297","title":{"rendered":"Z\u00e1pisy ze sch\u016fzek"},"content":{"rendered":"\n<p><a href=\"http:\/\/www.zsvyhlidka.cz\/wp-content\/uploads\/2025\/10\/2510_zakovsky-parlament.pdf\">\u017dP &#8211; \u0159\u00edjen 2025<\/a><\/p>\n\n\n\n<p><\/p>\n\n\n\n<p><a href=\"http:\/\/www.zsvyhlidka.cz\/wp-content\/uploads\/2025\/03\/ZP-UNOR.pdf\">\u017dP &#8211; \u00fanor 2025<\/a><\/p>\n\n\n\n<p><a href=\"http:\/\/www.zsvyhlidka.cz\/wp-content\/uploads\/2025\/03\/ZP-LEDEN.pdf\">\u017dP &#8211; leden 2025<\/a><\/p>\n\n\n\n<p><a href=\"http:\/\/www.zsvyhlidka.cz\/wp-content\/uploads\/2025\/03\/ZP-PROSINEC.pdf\">\u017dP &#8211; prosinec 2024<\/a><\/p>\n\n\n\n<p><a href=\"http:\/\/www.zsvyhlidka.cz\/wp-content\/uploads\/2025\/03\/ZP-LISTOPAD.pdf\">\u017dP &#8211; listopad 2024<\/a><\/p>\n\n\n\n<p><a href=\"http:\/\/www.zsvyhlidka.cz\/wp-content\/uploads\/2025\/03\/ZP-RIJEN.pdf\">\u017dP &#8211; \u0159\u00edjen 2024<\/a><\/p>\n\n\n\n<p><a href=\"http:\/\/www.zsvyhlidka.cz\/wp-content\/uploads\/2025\/03\/ZP-ZARI.pdf\">\u017dP &#8211; z\u00e1\u0159\u00ed 2024<\/a><\/p>\n","protected":false},"excerpt":{"rendered":"<p>\u017dP &#8211; \u0159\u00edjen 2025 \u017dP &#8211; \u00fanor 2025 \u017dP &#8211; leden 2025 \u017dP &#8211; prosinec 2024 \u017dP &#8211; listopad 2024 \u017dP &#8211; \u0159\u00edjen 2024 \u017dP &#8211; z\u00e1\u0159\u00ed 2024<\/p>\n","protected":false},"author":2,"featured_media":0,"parent":0,"menu_order":0,"comment_status":"closed","ping_status":"closed","template":"","meta":[],"_links":{"self":[{"href":"https:\/\/www.zsvyhlidka.cz\/index.php?rest_route=\/wp\/v2\/pages\/34297"}],"collection":[{"href":"https:\/\/www.zsvyhlidka.cz\/index.php?rest_route=\/wp\/v2\/pages"}],"about":[{"href":"https:\/\/www.zsvyhlidka.cz\/index.php?rest_route=\/wp\/v2\/types\/page"}],"author":[{"embeddable":true,"href":"https:\/\/www.zsvyhlidka.cz\/index.php?rest_route=\/wp\/v2\/users\/2"}],"replies":[{"embeddable":true,"href":"https:\/\/www.zsvyhlidka.cz\/index.php?rest_route=%2Fwp%2Fv2%2Fcomments&post=34297"}],"version-history":[{"count":2,"href":"https:\/\/www.zsvyhlidka.cz\/index.php?rest_route=\/wp\/v2\/pages\/34297\/revisions"}],"predecessor-version":[{"id":35527,"href":"https:\/\/www.zsvyhlidka.cz\/index.php?rest_route=\/wp\/v2\/pages\/34297\/revisions\/35527"}],"wp:attachment":[{"href":"https:\/\/www.zsvyhlidka.cz\/index.php?rest_route=%2Fwp%2Fv2%2Fmedia&parent=34297"}],"curies":[{"name":"wp","href":"https:\/\/api.w.org\/{rel}","templated":true}]}}