{"id":37218,"date":"2026-09-04T10:04:56","date_gmt":"2026-09-04T08:04:56","guid":{"rendered":"https:\/\/www.zsvyhlidka.cz\/?page_id=37218"},"modified":"2026-09-04T10:04:56","modified_gmt":"2026-09-04T08:04:56","slug":"specialni-pedagog-2","status":"publish","type":"page","link":"https:\/\/www.zsvyhlidka.cz\/?page_id=37218","title":{"rendered":"Speci\u00e1ln\u00ed pedagog"},"content":{"rendered":"<p>Poskytuje: <strong>Mgr. Tereza Machov\u00e1<\/strong><\/p>\n\n\n<p><\/p>\n","protected":false},"excerpt":{"rendered":"<p>Poskytuje: Mgr. Tereza Machov\u00e1<\/p>\n","protected":false},"author":2,"featured_media":0,"parent":0,"menu_order":0,"comment_status":"closed","ping_status":"closed","template":"","meta":[],"_links":{"self":[{"href":"https:\/\/www.zsvyhlidka.cz\/index.php?rest_route=\/wp\/v2\/pages\/37218"}],"collection":[{"href":"https:\/\/www.zsvyhlidka.cz\/index.php?rest_route=\/wp\/v2\/pages"}],"about":[{"href":"https:\/\/www.zsvyhlidka.cz\/index.php?rest_route=\/wp\/v2\/types\/page"}],"author":[{"embeddable":true,"href":"https:\/\/www.zsvyhlidka.cz\/index.php?rest_route=\/wp\/v2\/users\/2"}],"replies":[{"embeddable":true,"href":"https:\/\/www.zsvyhlidka.cz\/index.php?rest_route=%2Fwp%2Fv2%2Fcomments&post=37218"}],"version-history":[{"count":1,"href":"https:\/\/www.zsvyhlidka.cz\/index.php?rest_route=\/wp\/v2\/pages\/37218\/revisions"}],"predecessor-version":[{"id":37220,"href":"https:\/\/www.zsvyhlidka.cz\/index.php?rest_route=\/wp\/v2\/pages\/37218\/revisions\/37220"}],"wp:attachment":[{"href":"https:\/\/www.zsvyhlidka.cz\/index.php?rest_route=%2Fwp%2Fv2%2Fmedia&parent=37218"}],"curies":[{"name":"wp","href":"https:\/\/api.w.org\/{rel}","templated":true}]}}

Speciální pedagog

<p>Poskytuje: <strong>Mgr. Tereza Machová</strong></p>


<p></p>

<p>Poskytuje: Mgr. Tereza Machová</p>
