{"id":546,"date":"2011-08-07T11:49:58","date_gmt":"2011-08-07T10:49:58","guid":{"rendered":"http:\/\/www.zsvyhlidka.cz\/?page_id=546"},"modified":"2024-01-09T10:14:31","modified_gmt":"2024-01-09T09:14:31","slug":"kontaktni-udaje","status":"publish","type":"page","link":"https:\/\/www.zsvyhlidka.cz\/?page_id=546","title":{"rendered":"Kontaktn\u00ed \u00fadaje"},"content":{"rendered":"<h5><span style=\"text-decoration: underline;\"><strong>Kontaktn\u00ed \u00fadaje<\/strong><\/span><\/h5>\n<div><\/div>\n<div id=\"_mcePaste\">Nada\u010dn\u00ed fond p\u0159i Z\u0160 Vyhl\u00eddka<\/div>\n<div id=\"_mcePaste\">Kr\u00e1lova 380<\/div>\n<div id=\"_mcePaste\">757 01 Vala\u0161sk\u00e9 Mezi\u0159\u00ed\u010d\u00ed<\/div>\n<div id=\"_mcePaste\">I\u010cO: \u00a0 285 76 179<\/div>\n<div><\/div>\n<div id=\"_mcePaste\">Datum z\u00e1pisu do nada\u010dn\u00edho rejst\u0159\u00edku: \u00a04. 3. 2009<\/div>\n<div id=\"_mcePaste\">\u010c\u00edslo \u00fa\u010dtu: \u00a0 226216330\/0300<\/div>\n<div><\/div>\n<div id=\"_mcePaste\">Kontaktn\u00ed osoba: \u00a0Mgr. Iva Strom\u0161\u00edkov\u00e1, p\u0159edsedkyn\u011b spr\u00e1vn\u00ed rady<\/div>\n<div id=\"_mcePaste\">nada\u010dn\u00edho fondu<\/div>\n<div><\/div>\n<div id=\"_mcePaste\">Telefon: 571 614 221<\/div>\n<div id=\"_mcePaste\">E-mail:\u00a0 iva.stromsikova@zsvyhlidka.cz<\/div>\n<div><\/div>\n<div><\/div>\n<div><\/div>\n<div><\/div>\n<div><\/div>\n<div><\/div>\n<div><\/div>\n<div><span style=\"color: #ccffcc;\">.<\/span><\/div>\n","protected":false},"excerpt":{"rendered":"<p>Kontaktn\u00ed \u00fadaje Nada\u010dn\u00ed fond p\u0159i Z\u0160 Vyhl\u00eddka Kr\u00e1lova 380 757 01 Vala\u0161sk\u00e9 Mezi\u0159\u00ed\u010d\u00ed I\u010cO: \u00a0 285 76 179 Datum z\u00e1pisu do nada\u010dn\u00edho rejst\u0159\u00edku: \u00a04. 3. 2009 \u010c\u00edslo \u00fa\u010dtu: \u00a0 226216330\/0300 Kontaktn\u00ed osoba: \u00a0Mgr. Iva Strom\u0161\u00edkov\u00e1, p\u0159edsedkyn\u011b spr\u00e1vn\u00ed rady nada\u010dn\u00edho fondu <a href=\"https:\/\/www.zsvyhlidka.cz\/?page_id=546\" class=\"read-more\">Zobrazit v\u00edce&#8230;<\/a><\/p>\n","protected":false},"author":1,"featured_media":0,"parent":0,"menu_order":100,"comment_status":"closed","ping_status":"closed","template":"","meta":[],"_links":{"self":[{"href":"https:\/\/www.zsvyhlidka.cz\/index.php?rest_route=\/wp\/v2\/pages\/546"}],"collection":[{"href":"https:\/\/www.zsvyhlidka.cz\/index.php?rest_route=\/wp\/v2\/pages"}],"about":[{"href":"https:\/\/www.zsvyhlidka.cz\/index.php?rest_route=\/wp\/v2\/types\/page"}],"author":[{"embeddable":true,"href":"https:\/\/www.zsvyhlidka.cz\/index.php?rest_route=\/wp\/v2\/users\/1"}],"replies":[{"embeddable":true,"href":"https:\/\/www.zsvyhlidka.cz\/index.php?rest_route=%2Fwp%2Fv2%2Fcomments&post=546"}],"version-history":[{"count":3,"href":"https:\/\/www.zsvyhlidka.cz\/index.php?rest_route=\/wp\/v2\/pages\/546\/revisions"}],"predecessor-version":[{"id":32147,"href":"https:\/\/www.zsvyhlidka.cz\/index.php?rest_route=\/wp\/v2\/pages\/546\/revisions\/32147"}],"wp:attachment":[{"href":"https:\/\/www.zsvyhlidka.cz\/index.php?rest_route=%2Fwp%2Fv2%2Fmedia&parent=546"}],"curies":[{"name":"wp","href":"https:\/\/api.w.org\/{rel}","templated":true}]}}