{"id":6860,"date":"2016-09-13T08:30:09","date_gmt":"2016-09-13T06:30:09","guid":{"rendered":"http:\/\/www.zsvyhlidka.cz\/?page_id=6860"},"modified":"2025-08-28T11:18:34","modified_gmt":"2025-08-28T09:18:34","slug":"kriteria-prijeti-zaku-do-skolni-duziny","status":"publish","type":"page","link":"https:\/\/www.zsvyhlidka.cz\/?page_id=6860","title":{"rendered":"Krit\u00e9ria p\u0159ijet\u00ed \u017e\u00e1k\u016f do \u0161koln\u00ed dru\u017einy"},"content":{"rendered":"<p>Z\u00e1kladn\u00ed \u0161kola Vala\u0161sk\u00e9 Mezi\u0159\u00ed\u010d\u00ed, Vyhl\u00eddka 380, okres Vset\u00edn, p\u0159\u00edsp\u011bvkov\u00e1 organizace<\/p>\n<p><strong>Pravidla pro p\u0159ij\u00edm\u00e1n\u00ed \u017e\u00e1k\u016f k pravideln\u00e9 v\u00fdchovn\u00e9, vzd\u011bl\u00e1vac\u00ed a z\u00e1jmov\u00e9 \u010dinnosti ve \u0161koln\u00ed dru\u017ein\u011b p\u0159ijet\u00ed d\u011bt\u00ed do \u0161koln\u00ed dru\u017einy ve \u0161koln\u00edm roce 2025\/26:<\/strong><\/p>\n<ol>\n<li>K\u00a0pravideln\u00e9 v\u00fdchovn\u00e9, vzd\u011bl\u00e1vac\u00ed a z\u00e1jmov\u00e9 \u010dinnosti ve \u0161koln\u00ed dru\u017ein\u011b jsou p\u0159ij\u00edm\u00e1ni \u017e\u00e1ci I. stupn\u011b do stanoven\u00e9 kapacity 120 \u00fa\u010dastn\u00edk\u016f.<\/li>\n<li>\u017d\u00e1ci se do \u0161koln\u00ed dru\u017einy za\u0159azuj\u00ed k\u00a0pravideln\u00e9 denn\u00ed, nepravideln\u00e9 a p\u0159\u00edle\u017eitostn\u00e9 v\u00fdchovn\u00e9, vzd\u011bl\u00e1vac\u00ed a z\u00e1jmov\u00e9 \u010dinnosti na z\u00e1klad\u011b p\u0159ihl\u00e1\u0161ky, a to v\u017edy nejd\u00e9le na dobu p\u0159\u00edslu\u0161n\u00e9ho \u0161koln\u00edho roku.<\/li>\n<li>\u017d\u00e1ci jsou p\u0159ij\u00edm\u00e1n\u00ed <strong>podle v\u011bku postupn\u011b od prvn\u00ed t\u0159\u00eddy do vy\u0161\u0161\u00edch ro\u010dn\u00edk\u016f.<\/strong><\/li>\n<li>Na m\u00edsto uvoln\u011bn\u00e9 ve \u0161koln\u00ed dru\u017ein\u011b v\u00a0pr\u016fb\u011bhu \u0161koln\u00edho roku bude p\u0159ijat \u017e\u00e1k v\u00a0po\u0159ad\u00ed nep\u0159ijat\u00fdch \u017e\u00e1k\u016f.<\/li>\n<\/ol>\n<p>Mgr. Daniela Miklov\u00e1, \u0159editelka \u0161koly<\/p>\n","protected":false},"excerpt":{"rendered":"<p>Z\u00e1kladn\u00ed \u0161kola Vala\u0161sk\u00e9 Mezi\u0159\u00ed\u010d\u00ed, Vyhl\u00eddka 380, okres Vset\u00edn, p\u0159\u00edsp\u011bvkov\u00e1 organizace Pravidla pro p\u0159ij\u00edm\u00e1n\u00ed \u017e\u00e1k\u016f k pravideln\u00e9 v\u00fdchovn\u00e9, vzd\u011bl\u00e1vac\u00ed a z\u00e1jmov\u00e9 \u010dinnosti ve \u0161koln\u00ed dru\u017ein\u011b p\u0159ijet\u00ed d\u011bt\u00ed do \u0161koln\u00ed dru\u017einy ve \u0161koln\u00edm roce 2025\/26: K\u00a0pravideln\u00e9 v\u00fdchovn\u00e9, vzd\u011bl\u00e1vac\u00ed a z\u00e1jmov\u00e9 \u010dinnosti ve <a href=\"https:\/\/www.zsvyhlidka.cz\/?page_id=6860\" class=\"read-more\">Zobrazit v\u00edce&#8230;<\/a><\/p>\n","protected":false},"author":1,"featured_media":0,"parent":0,"menu_order":227,"comment_status":"closed","ping_status":"closed","template":"","meta":[],"_links":{"self":[{"href":"https:\/\/www.zsvyhlidka.cz\/index.php?rest_route=\/wp\/v2\/pages\/6860"}],"collection":[{"href":"https:\/\/www.zsvyhlidka.cz\/index.php?rest_route=\/wp\/v2\/pages"}],"about":[{"href":"https:\/\/www.zsvyhlidka.cz\/index.php?rest_route=\/wp\/v2\/types\/page"}],"author":[{"embeddable":true,"href":"https:\/\/www.zsvyhlidka.cz\/index.php?rest_route=\/wp\/v2\/users\/1"}],"replies":[{"embeddable":true,"href":"https:\/\/www.zsvyhlidka.cz\/index.php?rest_route=%2Fwp%2Fv2%2Fcomments&post=6860"}],"version-history":[{"count":11,"href":"https:\/\/www.zsvyhlidka.cz\/index.php?rest_route=\/wp\/v2\/pages\/6860\/revisions"}],"predecessor-version":[{"id":35275,"href":"https:\/\/www.zsvyhlidka.cz\/index.php?rest_route=\/wp\/v2\/pages\/6860\/revisions\/35275"}],"wp:attachment":[{"href":"https:\/\/www.zsvyhlidka.cz\/index.php?rest_route=%2Fwp%2Fv2%2Fmedia&parent=6860"}],"curies":[{"name":"wp","href":"https:\/\/api.w.org\/{rel}","templated":true}]}}