{"id":77,"date":"2011-07-29T18:30:14","date_gmt":"2011-07-29T17:30:14","guid":{"rendered":"http:\/\/www.zsvyhlidka.cz\/?page_id=77"},"modified":"2025-10-30T17:44:22","modified_gmt":"2025-10-30T16:44:22","slug":"kontaktni-udaje-skoly","status":"publish","type":"page","link":"https:\/\/www.zsvyhlidka.cz\/?page_id=77","title":{"rendered":"Kontakty &#8211; \u0161kola"},"content":{"rendered":"<h5><\/h5>\n<ul>\n<li><strong><em>Veden\u00ed \u0161koly:<\/em><\/strong><\/li>\n<\/ul>\n<p><strong>\u0158editelka \u0161koly:<\/strong><\/p>\n<p>Mgr. Daniela Miklov\u00e1, e-mail: daniela.miklova@zsvyhlidka.cz; zsvyhlidka@zsvyhlidka.cz<\/p>\n<p>mobil: +420 739 036 208<\/p>\n<p><strong>Z\u00e1stupce \u0159editele:<\/strong><\/p>\n<p>Mgr. Zuzana Topi\u010dov\u00e1, e-mail: zuzana.topicova@zsvyhlidka.cz (statut\u00e1rn\u00ed z\u00e1stupce \u0159editelky \u0161koly)<\/p>\n<p>Mgr. Jakub \u0160kulav\u00edk, e-mail: jakub.skulavik@zsvyhlidka.cz (z\u00e1stupce \u0159editelky \u0161koly)<\/p>\n<div><\/div>\n<hr \/>\n<div>\n<ul>\n<li><em><strong>Administrativa \u0161koly:<\/strong><\/em><\/li>\n<\/ul>\n<\/div>\n<div><strong>Ekonomick\u00fd z\u00e1stupce:<\/strong><\/div>\n<div>Bc. Renata Kamasov\u00e1, e-mail: renata.kamasova@zsvyhlidka.cz<\/p>\n<\/div>\n<div><strong>Hospod\u00e1\u0159sk\u00fd pracovn\u00edk:\u00a0<\/strong><\/div>\n<div>Romana Pet\u0159ekov\u00e1, e-mail: romana.petrekova@zsvyhlidka.cz<\/div>\n<hr \/>\n<ul>\n<li>tel.: 571 614 221<\/li>\n<li>mobil: +420 606 626 255<\/li>\n<li>ID schr\u00e1nky: msyj66z<\/li>\n<\/ul>\n<div style=\"font-family: inherit; font-style: inherit; font-weight: inherit; vertical-align: baseline; padding: 0px; margin: 0px; border: 0px initial initial;\">\n<hr \/>\n<ul>\n<li>I\u010cO: 45211345<\/li>\n<li>DI\u010c: CZ45211345<\/li>\n<li>IZO: 045211345<\/li>\n<li>REDIZO: 600149579<\/li>\n<li>bankovn\u00ed spojen\u00ed: 2731851\/0100<\/li>\n<\/ul>\n<hr \/>\n<p><a href=\"http:\/\/www.zsvyhlidka.cz\/wp-content\/uploads\/2011\/07\/qrcode_zsvyhlidka.jpg\"><img loading=\"lazy\" class=\"alignnone size-full wp-image-11565\" src=\"http:\/\/www.zsvyhlidka.cz\/wp-content\/uploads\/2011\/07\/qrcode_zsvyhlidka.jpg\" alt=\"qrcode_zsvyhlidka\" width=\"208\" height=\"208\" srcset=\"https:\/\/www.zsvyhlidka.cz\/wp-content\/uploads\/2011\/07\/qrcode_zsvyhlidka.jpg 208w, https:\/\/www.zsvyhlidka.cz\/wp-content\/uploads\/2011\/07\/qrcode_zsvyhlidka-150x150.jpg 150w\" sizes=\"(max-width: 208px) 100vw, 208px\" \/><\/a><\/p>\n<\/div>\n<div style=\"font-family: inherit; font-style: inherit; font-weight: inherit; vertical-align: baseline; padding: 0px; margin: 0px; border: 0px initial initial;\"><\/div>\n<div style=\"font-family: inherit; font-style: inherit; font-weight: inherit; vertical-align: baseline; padding: 0px; margin: 0px; border: 0px initial initial;\"><\/div>\n","protected":false},"excerpt":{"rendered":"<p>Veden\u00ed \u0161koly: \u0158editelka \u0161koly: Mgr. Daniela Miklov\u00e1, e-mail: daniela.miklova@zsvyhlidka.cz; zsvyhlidka@zsvyhlidka.cz mobil: +420 739 036 208 Z\u00e1stupce \u0159editele: Mgr. Zuzana Topi\u010dov\u00e1, e-mail: zuzana.topicova@zsvyhlidka.cz (statut\u00e1rn\u00ed z\u00e1stupce \u0159editelky \u0161koly) Mgr. Jakub \u0160kulav\u00edk, e-mail: jakub.skulavik@zsvyhlidka.cz (z\u00e1stupce \u0159editelky \u0161koly) Administrativa \u0161koly: Ekonomick\u00fd z\u00e1stupce: Bc. Renata <a href=\"https:\/\/www.zsvyhlidka.cz\/?page_id=77\" class=\"read-more\">Zobrazit v\u00edce&#8230;<\/a><\/p>\n","protected":false},"author":1,"featured_media":0,"parent":0,"menu_order":26,"comment_status":"closed","ping_status":"closed","template":"","meta":[],"_links":{"self":[{"href":"https:\/\/www.zsvyhlidka.cz\/index.php?rest_route=\/wp\/v2\/pages\/77"}],"collection":[{"href":"https:\/\/www.zsvyhlidka.cz\/index.php?rest_route=\/wp\/v2\/pages"}],"about":[{"href":"https:\/\/www.zsvyhlidka.cz\/index.php?rest_route=\/wp\/v2\/types\/page"}],"author":[{"embeddable":true,"href":"https:\/\/www.zsvyhlidka.cz\/index.php?rest_route=\/wp\/v2\/users\/1"}],"replies":[{"embeddable":true,"href":"https:\/\/www.zsvyhlidka.cz\/index.php?rest_route=%2Fwp%2Fv2%2Fcomments&post=77"}],"version-history":[{"count":15,"href":"https:\/\/www.zsvyhlidka.cz\/index.php?rest_route=\/wp\/v2\/pages\/77\/revisions"}],"predecessor-version":[{"id":35694,"href":"https:\/\/www.zsvyhlidka.cz\/index.php?rest_route=\/wp\/v2\/pages\/77\/revisions\/35694"}],"wp:attachment":[{"href":"https:\/\/www.zsvyhlidka.cz\/index.php?rest_route=%2Fwp%2Fv2%2Fmedia&parent=77"}],"curies":[{"name":"wp","href":"https:\/\/api.w.org\/{rel}","templated":true}]}}